{"id":6758,"date":"2024-11-30T05:37:34","date_gmt":"2024-11-30T04:37:34","guid":{"rendered":"https:\/\/www.lycee-valin.fr\/RJVALIN\/?post_type=tribe_events&#038;p=6758"},"modified":"2024-12-03T10:47:29","modified_gmt":"2024-12-03T09:47:29","slug":"le-repas-de-noel","status":"publish","type":"tribe_events","link":"https:\/\/www.lycee-valin.fr\/RJVALIN\/event\/le-repas-de-noel\/","title":{"rendered":"Le repas de No\u00ebl"},"content":{"rendered":"<p>Le lyc\u00e9e organise le repas de no\u00ebl le jeudi 29 d\u00e9cembre pour l&#8217;ensemble des \u00e9l\u00e8ves et du personnel qui viendront manger \u00e0 la cantine.<\/p>\n<p><img decoding=\"async\" class=\"\" src=\"https:\/\/www.very-utile.com\/scripts\/files\/6699a402691624.90440899\/sapin-noel.jpg\" alt=\"F\u00eate de no\u00ebl et du p\u00e8re no\u00ebl - Origine, Date et Calendrier\" width=\"208\" height=\"221\" \/><\/p>\n<div class='watch-action'><div class='watch-position align-left'><div class='action-like'><a class='lbg-style3 like-6758 jlk' href='javascript:void(0)' data-task='like' data-post_id='6758' data-nonce='2bd788b82a' rel='nofollow'><img class='wti-pixel' src='https:\/\/www.lycee-valin.fr\/RJVALIN\/wp-content\/plugins\/wti-like-post\/images\/pixel.gif' title='j&#039;aime' \/><span class='lc-6758 lc'>0<\/span><\/a><\/div><\/div> <div class='status-6758 status align-left'><\/div><\/div><div class='wti-clear'><\/div>","protected":false},"excerpt":{"rendered":"<p>Le lyc\u00e9e organise le repas de no\u00ebl le jeudi 29 d\u00e9cembre pour l&#8217;ensemble des \u00e9l\u00e8ves et du personnel qui viendront manger \u00e0 la cantine. 0<\/p>\n","protected":false},"author":2,"featured_media":0,"template":"","meta":{"_tribe_events_status":"","_tribe_events_status_reason":"","footnotes":""},"tags":[],"tribe_events_cat":[],"class_list":["post-6758","tribe_events","type-tribe_events","status-publish","hentry"],"_links":{"self":[{"href":"https:\/\/www.lycee-valin.fr\/RJVALIN\/wp-json\/wp\/v2\/tribe_events\/6758","targetHints":{"allow":["GET"]}}],"collection":[{"href":"https:\/\/www.lycee-valin.fr\/RJVALIN\/wp-json\/wp\/v2\/tribe_events"}],"about":[{"href":"https:\/\/www.lycee-valin.fr\/RJVALIN\/wp-json\/wp\/v2\/types\/tribe_events"}],"author":[{"embeddable":true,"href":"https:\/\/www.lycee-valin.fr\/RJVALIN\/wp-json\/wp\/v2\/users\/2"}],"version-history":[{"count":2,"href":"https:\/\/www.lycee-valin.fr\/RJVALIN\/wp-json\/wp\/v2\/tribe_events\/6758\/revisions"}],"predecessor-version":[{"id":6782,"href":"https:\/\/www.lycee-valin.fr\/RJVALIN\/wp-json\/wp\/v2\/tribe_events\/6758\/revisions\/6782"}],"wp:attachment":[{"href":"https:\/\/www.lycee-valin.fr\/RJVALIN\/wp-json\/wp\/v2\/media?parent=6758"}],"wp:term":[{"taxonomy":"post_tag","embeddable":true,"href":"https:\/\/www.lycee-valin.fr\/RJVALIN\/wp-json\/wp\/v2\/tags?post=6758"},{"taxonomy":"tribe_events_cat","embeddable":true,"href":"https:\/\/www.lycee-valin.fr\/RJVALIN\/wp-json\/wp\/v2\/tribe_events_cat?post=6758"}],"curies":[{"name":"wp","href":"https:\/\/api.w.org\/{rel}","templated":true}]}}

Le repas de Noël

<p>Le lycée organise le repas de noël le jeudi 29 décembre pour l&#8217;ensemble des élèves et du personnel qui viendront manger à la cantine.</p>
<p><img decoding="async" class="" src="https://www.very-utile.com/scripts/files/6699a402691624.90440899/sapin-noel.jpg" alt="Fête de noël et du père noël - Origine, Date et Calendrier" width="208" height="221" /></p>
<div class='watch-action'><div class='watch-position align-left'><div class='action-like'><a class='lbg-style3 like-6758 jlk' href='javascript:void(0)' data-task='like' data-post_id='6758' data-nonce='2bd788b82a' rel='nofollow'><img class='wti-pixel' src='https://www.lycee-valin.fr/RJVALIN/wp-content/plugins/wti-like-post/images/pixel.gif' title='j&#039;aime' /><span class='lc-6758 lc'>0</span></a></div></div> <div class='status-6758 status align-left'></div></div><div class='wti-clear'></div>

<p>Le lycée organise le repas de noël le jeudi 29 décembre pour l&#8217;ensemble des élèves et du personnel qui viendront manger à la cantine. 0</p>
