{"id":796,"date":"2022-06-10T10:59:08","date_gmt":"2022-06-10T08:59:08","guid":{"rendered":"https:\/\/www.lycee-valin.fr\/RJVALIN\/?page_id=796"},"modified":"2026-04-20T17:02:17","modified_gmt":"2026-04-20T15:02:17","slug":"informations-internat","status":"publish","type":"page","link":"https:\/\/www.lycee-valin.fr\/RJVALIN\/informations-internat\/","title":{"rendered":"\u00c0 propos de l&#8217;internat de Valin"},"content":{"rendered":"\n<p>L\u2019internat du lyc\u00e9e offre 177 places (138 places filles et 39 places gar\u00e7ons). Les chambres de trois offrent \u00e0 chaque \u00e9l\u00e8ve un espace nuit et un espace travail ainsi qu\u2019une salle de bain attenante commune \u00e0 deux chambres.<\/p>\n\n\n<div class=\"wp-block-image\">\n<figure class=\"aligncenter\"><img decoding=\"async\" src=\"https:\/\/www.lycee-valin.fr\/RJVALIN\/wp-content\/uploads\/2022\/06\/index.png\" alt=\"\"\/><\/figure>\n<\/div>\n\n\n<p>A chaque niveau, une petite salle informatique est \u00e0 la disposition des \u00e9l\u00e8ves. Au rez-de-chauss\u00e9e, deux foyers permettent aux \u00e9l\u00e8ves de se d\u00e9tendre (t\u00e9l\u00e9, baby foot).<\/p>\n\n\n<div class=\"wp-block-image\">\n<figure class=\"aligncenter\"><img decoding=\"async\" src=\"https:\/\/www.lycee-valin.fr\/RJVALIN\/wp-content\/uploads\/2022\/06\/index-2.jpg\" alt=\"\"\/><\/figure>\n<\/div>\n\n\n<p>Les \u00e9tudes se font en salle pour les \u00e9l\u00e8ves des classes de 2nde et en chambre pour les \u00e9l\u00e8ves de premi\u00e8re et de terminale.<\/p>\n\n\n<div class=\"wp-block-image\">\n<figure class=\"aligncenter\"><img decoding=\"async\" src=\"https:\/\/www.lycee-valin.fr\/RJVALIN\/wp-content\/uploads\/2022\/06\/index-3-1024x768.jpg\" alt=\"\"\/><\/figure>\n<\/div>\n\n\n<p>Un accueil est assur\u00e9 le dimanche soir \u00e0 partir de 20h30 pour les \u00e9l\u00e8ves venant de loin. En semaine, l\u2019internat ferme \u00e0 07h45 le matin et ouvre le soir \u00e0 17h30. Il est ouvert les mercredis apr\u00e8s midi \u00e0 partir de 13h30.<\/p>\n\n\n<div class=\"wp-block-image\">\n<figure class=\"aligncenter\"><img decoding=\"async\" src=\"https:\/\/www.lycee-valin.fr\/RJVALIN\/wp-content\/uploads\/2022\/06\/index-4.jpg\" alt=\"\"\/><\/figure>\n<\/div>\n\n<div class=\"wp-block-image\">\n<figure class=\"aligncenter\"><img decoding=\"async\" src=\"https:\/\/www.lycee-valin.fr\/RJVALIN\/wp-content\/uploads\/2022\/06\/index-5-1024x768.jpg\" alt=\"\"\/><\/figure>\n<\/div>\n\n\n<h3 class=\"wp-block-heading\">Comment devenir interne&nbsp;?<\/h3>\n\n\n\n<p>La demande d\u2019entr\u00e9e \u00e0 l\u2019internat se fait par courrier adress\u00e9 \u00e0 Monsieur le Proviseur au plus tard le 3 juillet 2026. Les r\u00e9ponses seront transmises au plus tard le 13 juillet 2026 par mail. Les raisons de la demande doivent \u00eatre clairement expos\u00e9es dans le courrier.<\/p>\n\n\n\n<p>Les crit\u00e8res d\u2019admission sont les suivants&nbsp;:<br>&#8211; \u00c9loignement du lieu d\u2019habitation \/ temps de trajet quotidien<br>&#8211; Int\u00e9gration d\u2019une fili\u00e8re s\u00e9lective (section sportive, fili\u00e8re \u00e0 effectif contingent\u00e9&nbsp;: ST2S, STL)<br>&#8211; Cursus scolaire avec une sp\u00e9cialit\u00e9 artistique (arts plastiques, th\u00e9\u00e2tre)<br>&#8211; Les comp\u00e9tences psycho-sociales<br>&#8211; La contribution \u00e0 la r\u00e9ussite scolaire<\/p>\n\n\n\n<h3 class=\"wp-block-heading\">Quel est le tarif de l&#8217;internat ?<\/h3>\n\n\n\n<p>La tarification solidaire est mise en \u0153uvre par la R\u00e9gion \u00e0 partir de la rentr\u00e9e 2026. Ce tarif d\u00e9pend du quotient familial. Le tableau de tarif suivant est fourni \u00e0 titre indicatif et pourra \u00eatre actualis\u00e9 par la R\u00e9gion \u00e0 la rentr\u00e9e 2026.<\/p>\n\n\n\n<figure class=\"wp-block-image size-full\"><img fetchpriority=\"high\" decoding=\"async\" width=\"730\" height=\"408\" src=\"https:\/\/www.lycee-valin.fr\/RJVALIN\/wp-content\/uploads\/2026\/03\/Capture.png\" alt=\"\" class=\"wp-image-8581\" srcset=\"https:\/\/www.lycee-valin.fr\/RJVALIN\/wp-content\/uploads\/2026\/03\/Capture.png 730w, https:\/\/www.lycee-valin.fr\/RJVALIN\/wp-content\/uploads\/2026\/03\/Capture-300x168.png 300w, https:\/\/www.lycee-valin.fr\/RJVALIN\/wp-content\/uploads\/2026\/03\/Capture-400x225.png 400w\" sizes=\"(max-width: 730px) 100vw, 730px\" \/><\/figure>\n\n\n\n<p><strong>Le dossier de demande d&#8217;admission \u00e0 l&#8217;internat est disponible ci-dessous il est \u00e0 retourner imp\u00e9rativement avant le 29 juin 2026\u00a0:<\/strong><\/p>\n\n\n\n<div data-wp-interactive=\"core\/file\" class=\"wp-block-file\"><object data-wp-bind--hidden=\"!state.hasPdfPreview\" hidden class=\"wp-block-file__embed\" data=\"https:\/\/www.lycee-valin.fr\/RJVALIN\/wp-content\/uploads\/2026\/04\/Dossier-internat-2026-2027.pdf\" type=\"application\/pdf\" style=\"width:100%;height:600px\" aria-label=\"Contenu embarqu\u00e9 Dossier internat 2026-2027.\"><\/object><a id=\"wp-block-file--media-67911fd3-4cea-4686-a934-0e0837520d3e\" href=\"https:\/\/www.lycee-valin.fr\/RJVALIN\/wp-content\/uploads\/2026\/04\/Dossier-internat-2026-2027.pdf\">Dossier internat 2026-2027<\/a><a href=\"https:\/\/www.lycee-valin.fr\/RJVALIN\/wp-content\/uploads\/2026\/04\/Dossier-internat-2026-2027.pdf\" class=\"wp-block-file__button wp-element-button\" download aria-describedby=\"wp-block-file--media-67911fd3-4cea-4686-a934-0e0837520d3e\">T\u00e9l\u00e9charger<\/a><\/div>\n\n\n\n<hr class=\"wp-block-separator has-alpha-channel-opacity\"\/>\n\n\n\n<p>Liens des articles li\u00e9s \u00e0 cette cat\u00e9gorie<\/p>\n\n\n<ul class=\"wp-block-latest-posts__list has-dates has-author wp-block-latest-posts\"><li><a class=\"wp-block-latest-posts__post-title\" href=\"https:\/\/www.lycee-valin.fr\/RJVALIN\/un-atelier-du-spectateur-pour-nos-internes\/\">Un atelier du spectateur pour nos internes !<\/a><div class=\"wp-block-latest-posts__post-author\">par Thibault MACE<\/div><time datetime=\"2023-05-09T09:58:56+02:00\" class=\"wp-block-latest-posts__post-date\">9 mai 2023<\/time><\/li>\n<li><a class=\"wp-block-latest-posts__post-title\" href=\"https:\/\/www.lycee-valin.fr\/RJVALIN\/devenir-interne-au-lycee-valin\/\">Devenir interne au lyc\u00e9e Valin<\/a><div class=\"wp-block-latest-posts__post-author\">par Fabrice PELLETIER<\/div><time datetime=\"2022-05-25T15:04:36+02:00\" class=\"wp-block-latest-posts__post-date\">25 mai 2022<\/time><\/li>\n<\/ul>\n\n<form role=\"search\" method=\"get\" action=\"https:\/\/www.lycee-valin.fr\/RJVALIN\/\" class=\"wp-block-search__button-outside wp-block-search__icon-button wp-block-search\"    ><label class=\"wp-block-search__label\" for=\"wp-block-search__input-1\" >Rechercher un autre article<\/label><div class=\"wp-block-search__inside-wrapper\" ><input class=\"wp-block-search__input\" id=\"wp-block-search__input-1\" placeholder=\"\" value=\"\" type=\"search\" name=\"s\" required \/><button aria-label=\"Rechercher\" class=\"wp-block-search__button has-icon wp-element-button\" type=\"submit\" ><svg class=\"search-icon\" viewBox=\"0 0 24 24\" width=\"24\" height=\"24\">\n\t\t\t\t\t<path d=\"M13 5c-3.3 0-6 2.7-6 6 0 1.4.5 2.7 1.3 3.7l-3.8 3.8 1.1 1.1 3.8-3.8c1 .8 2.3 1.3 3.7 1.3 3.3 0 6-2.7 6-6S16.3 5 13 5zm0 10.5c-2.5 0-4.5-2-4.5-4.5s2-4.5 4.5-4.5 4.5 2 4.5 4.5-2 4.5-4.5 4.5z\"><\/path>\n\t\t\t\t<\/svg><\/button><\/div><\/form><div class='watch-action'><div class='watch-position align-left'><div class='action-like'><a class='lbg-style3 like-796 jlk' href='javascript:void(0)' data-task='like' data-post_id='796' data-nonce='2bd788b82a' rel='nofollow'><img class='wti-pixel' src='https:\/\/www.lycee-valin.fr\/RJVALIN\/wp-content\/plugins\/wti-like-post\/images\/pixel.gif' title='j&#039;aime' \/><span class='lc-796 lc'>0<\/span><\/a><\/div><\/div> <div class='status-796 status align-left'><\/div><\/div><div class='wti-clear'><\/div>","protected":false},"excerpt":{"rendered":"<p>L\u2019internat du lyc\u00e9e offre 177 places (138 places filles et 39 places gar\u00e7ons). Les chambres de trois offrent \u00e0 chaque \u00e9l\u00e8ve un espace nuit et un espace travail ainsi qu\u2019une salle de bain attenante commune <a class=\"more-link\" href=\"https:\/\/www.lycee-valin.fr\/RJVALIN\/informations-internat\/\">Lire plus &#8230;<\/a><\/p>\n","protected":false},"author":1,"featured_media":824,"parent":0,"menu_order":0,"comment_status":"closed","ping_status":"closed","template":"","meta":{"footnotes":""},"class_list":["post-796","page","type-page","status-publish","has-post-thumbnail","hentry"],"_links":{"self":[{"href":"https:\/\/www.lycee-valin.fr\/RJVALIN\/wp-json\/wp\/v2\/pages\/796","targetHints":{"allow":["GET"]}}],"collection":[{"href":"https:\/\/www.lycee-valin.fr\/RJVALIN\/wp-json\/wp\/v2\/pages"}],"about":[{"href":"https:\/\/www.lycee-valin.fr\/RJVALIN\/wp-json\/wp\/v2\/types\/page"}],"author":[{"embeddable":true,"href":"https:\/\/www.lycee-valin.fr\/RJVALIN\/wp-json\/wp\/v2\/users\/1"}],"replies":[{"embeddable":true,"href":"https:\/\/www.lycee-valin.fr\/RJVALIN\/wp-json\/wp\/v2\/comments?post=796"}],"version-history":[{"count":41,"href":"https:\/\/www.lycee-valin.fr\/RJVALIN\/wp-json\/wp\/v2\/pages\/796\/revisions"}],"predecessor-version":[{"id":8774,"href":"https:\/\/www.lycee-valin.fr\/RJVALIN\/wp-json\/wp\/v2\/pages\/796\/revisions\/8774"}],"wp:featuredmedia":[{"embeddable":true,"href":"https:\/\/www.lycee-valin.fr\/RJVALIN\/wp-json\/wp\/v2\/media\/824"}],"wp:attachment":[{"href":"https:\/\/www.lycee-valin.fr\/RJVALIN\/wp-json\/wp\/v2\/media?parent=796"}],"curies":[{"name":"wp","href":"https:\/\/api.w.org\/{rel}","templated":true}]}}

À propos de l&#8217;internat de Valin

<p>L’internat du lycée offre 177 places (138 places filles et 39 places garçons). Les chambres de trois offrent à chaque élève un espace nuit et un espace travail ainsi qu’une salle de bain attenante commune à deux chambres.</p>


<div class="wp-block-image">
<figure class="aligncenter"><img decoding="async" src="https://www.lycee-valin.fr/RJVALIN/wp-content/uploads/2022/06/index.png" alt=""/></figure>
</div>


<p>A chaque niveau, une petite salle informatique est à la disposition des élèves. Au rez-de-chaussée, deux foyers permettent aux élèves de se détendre (télé, baby foot).</p>


<div class="wp-block-image">
<figure class="aligncenter"><img decoding="async" src="https://www.lycee-valin.fr/RJVALIN/wp-content/uploads/2022/06/index-2.jpg" alt=""/></figure>
</div>


<p>Les études se font en salle pour les élèves des classes de 2nde et en chambre pour les élèves de première et de terminale.</p>


<div class="wp-block-image">
<figure class="aligncenter"><img decoding="async" src="https://www.lycee-valin.fr/RJVALIN/wp-content/uploads/2022/06/index-3-1024x768.jpg" alt=""/></figure>
</div>


<p>Un accueil est assuré le dimanche soir à partir de 20h30 pour les élèves venant de loin. En semaine, l’internat ferme à 07h45 le matin et ouvre le soir à 17h30. Il est ouvert les mercredis après midi à partir de 13h30.</p>


<div class="wp-block-image">
<figure class="aligncenter"><img decoding="async" src="https://www.lycee-valin.fr/RJVALIN/wp-content/uploads/2022/06/index-4.jpg" alt=""/></figure>
</div>

<div class="wp-block-image">
<figure class="aligncenter"><img decoding="async" src="https://www.lycee-valin.fr/RJVALIN/wp-content/uploads/2022/06/index-5-1024x768.jpg" alt=""/></figure>
</div>


<h3 class="wp-block-heading">Comment devenir interne&nbsp;?</h3>



<p>La demande d’entrée à l’internat se fait par courrier adressé à Monsieur le Proviseur au plus tard le 3 juillet 2026. Les réponses seront transmises au plus tard le 13 juillet 2026 par mail. Les raisons de la demande doivent être clairement exposées dans le courrier.</p>



<p>Les critères d’admission sont les suivants&nbsp;:<br>&#8211; Éloignement du lieu d’habitation / temps de trajet quotidien<br>&#8211; Intégration d’une filière sélective (section sportive, filière à effectif contingenté&nbsp;: ST2S, STL)<br>&#8211; Cursus scolaire avec une spécialité artistique (arts plastiques, théâtre)<br>&#8211; Les compétences psycho-sociales<br>&#8211; La contribution à la réussite scolaire</p>



<h3 class="wp-block-heading">Quel est le tarif de l&#8217;internat ?</h3>



<p>La tarification solidaire est mise en œuvre par la Région à partir de la rentrée 2026. Ce tarif dépend du quotient familial. Le tableau de tarif suivant est fourni à titre indicatif et pourra être actualisé par la Région à la rentrée 2026.</p>



<figure class="wp-block-image size-full"><img fetchpriority="high" decoding="async" width="730" height="408" src="https://www.lycee-valin.fr/RJVALIN/wp-content/uploads/2026/03/Capture.png" alt="" class="wp-image-8581" srcset="https://www.lycee-valin.fr/RJVALIN/wp-content/uploads/2026/03/Capture.png 730w, https://www.lycee-valin.fr/RJVALIN/wp-content/uploads/2026/03/Capture-300x168.png 300w, https://www.lycee-valin.fr/RJVALIN/wp-content/uploads/2026/03/Capture-400x225.png 400w" sizes="(max-width: 730px) 100vw, 730px" /></figure>



<p><strong>Le dossier de demande d&#8217;admission à l&#8217;internat est disponible ci-dessous il est à retourner impérativement avant le 29 juin 2026 :</strong></p>



<div data-wp-interactive="core/file" class="wp-block-file"><object data-wp-bind--hidden="!state.hasPdfPreview" hidden class="wp-block-file__embed" data="https://www.lycee-valin.fr/RJVALIN/wp-content/uploads/2026/04/Dossier-internat-2026-2027.pdf" type="application/pdf" style="width:100%;height:600px" aria-label="Contenu embarqué Dossier internat 2026-2027."></object><a id="wp-block-file--media-67911fd3-4cea-4686-a934-0e0837520d3e" href="https://www.lycee-valin.fr/RJVALIN/wp-content/uploads/2026/04/Dossier-internat-2026-2027.pdf">Dossier internat 2026-2027</a><a href="https://www.lycee-valin.fr/RJVALIN/wp-content/uploads/2026/04/Dossier-internat-2026-2027.pdf" class="wp-block-file__button wp-element-button" download aria-describedby="wp-block-file--media-67911fd3-4cea-4686-a934-0e0837520d3e">Télécharger</a></div>



<hr class="wp-block-separator has-alpha-channel-opacity"/>



<p>Liens des articles liés à cette catégorie</p>


<ul class="wp-block-latest-posts__list has-dates has-author wp-block-latest-posts"><li><a class="wp-block-latest-posts__post-title" href="https://www.lycee-valin.fr/RJVALIN/un-atelier-du-spectateur-pour-nos-internes/">Un atelier du spectateur pour nos internes !</a><div class="wp-block-latest-posts__post-author">par Thibault MACE</div><time datetime="2023-05-09T09:58:56+02:00" class="wp-block-latest-posts__post-date">9 mai 2023</time></li>
<li><a class="wp-block-latest-posts__post-title" href="https://www.lycee-valin.fr/RJVALIN/devenir-interne-au-lycee-valin/">Devenir interne au lycée Valin</a><div class="wp-block-latest-posts__post-author">par Fabrice PELLETIER</div><time datetime="2022-05-25T15:04:36+02:00" class="wp-block-latest-posts__post-date">25 mai 2022</time></li>
</ul>

<form role="search" method="get" action="https://www.lycee-valin.fr/RJVALIN/" class="wp-block-search__button-outside wp-block-search__icon-button wp-block-search"    ><label class="wp-block-search__label" for="wp-block-search__input-1" >Rechercher un autre article</label><div class="wp-block-search__inside-wrapper" ><input class="wp-block-search__input" id="wp-block-search__input-1" placeholder="" value="" type="search" name="s" required /><button aria-label="Rechercher" class="wp-block-search__button has-icon wp-element-button" type="submit" ><svg class="search-icon" viewBox="0 0 24 24" width="24" height="24">
					<path d="M13 5c-3.3 0-6 2.7-6 6 0 1.4.5 2.7 1.3 3.7l-3.8 3.8 1.1 1.1 3.8-3.8c1 .8 2.3 1.3 3.7 1.3 3.3 0 6-2.7 6-6S16.3 5 13 5zm0 10.5c-2.5 0-4.5-2-4.5-4.5s2-4.5 4.5-4.5 4.5 2 4.5 4.5-2 4.5-4.5 4.5z"></path>
				</svg></button></div></form><div class='watch-action'><div class='watch-position align-left'><div class='action-like'><a class='lbg-style3 like-796 jlk' href='javascript:void(0)' data-task='like' data-post_id='796' data-nonce='2bd788b82a' rel='nofollow'><img class='wti-pixel' src='https://www.lycee-valin.fr/RJVALIN/wp-content/plugins/wti-like-post/images/pixel.gif' title='j&#039;aime' /><span class='lc-796 lc'>0</span></a></div></div> <div class='status-796 status align-left'></div></div><div class='wti-clear'></div>

<p>L’internat du lycée offre 177 places (138 places filles et 39 places garçons). Les chambres de trois offrent à chaque élève un espace nuit et un espace travail ainsi qu’une salle de bain attenante commune <a class="more-link" href="https://www.lycee-valin.fr/RJVALIN/informations-internat/">Lire plus &#8230;</a></p>
