{"id":7275,"date":"2025-02-13T15:11:28","date_gmt":"2025-02-13T14:11:28","guid":{"rendered":"https:\/\/www.lycee-valin.fr\/RJVALIN\/?page_id=7275"},"modified":"2025-02-13T15:11:29","modified_gmt":"2025-02-13T14:11:29","slug":"option-droit-et-grands-enjeux-du-monde-contemporain-option-en-terminale","status":"publish","type":"page","link":"https:\/\/www.lycee-valin.fr\/RJVALIN\/option-droit-et-grands-enjeux-du-monde-contemporain-option-en-terminale\/","title":{"rendered":"Option Droit et grands enjeux du monde contemporain (option en terminale)"},"content":{"rendered":"<div class=\"wp-block-image\">\n<figure class=\"aligncenter size-large is-resized\"><img fetchpriority=\"high\" decoding=\"async\" width=\"724\" height=\"1024\" src=\"https:\/\/www.lycee-valin.fr\/RJVALIN\/wp-content\/uploads\/2025\/02\/3-724x1024.png\" alt=\"\" class=\"wp-image-7277\" style=\"width:291px;height:auto\" srcset=\"https:\/\/www.lycee-valin.fr\/RJVALIN\/wp-content\/uploads\/2025\/02\/3-724x1024.png 724w, https:\/\/www.lycee-valin.fr\/RJVALIN\/wp-content\/uploads\/2025\/02\/3-212x300.png 212w, https:\/\/www.lycee-valin.fr\/RJVALIN\/wp-content\/uploads\/2025\/02\/3-768x1086.png 768w, https:\/\/www.lycee-valin.fr\/RJVALIN\/wp-content\/uploads\/2025\/02\/3-1086x1536.png 1086w, https:\/\/www.lycee-valin.fr\/RJVALIN\/wp-content\/uploads\/2025\/02\/3.png 1414w\" sizes=\"(max-width: 724px) 100vw, 724px\" \/><\/figure>\n<\/div>\n\n\n<p>L\u2019enseignement de Droit et Grands enjeux du Monde Contemporain vise \u00e0 \u00e9largir les perspectives des <strong>\u00e9l\u00e8ves de terminale<\/strong>. <\/p>\n\n\n\n<p>L\u2019objectif est de leur faire <strong>d\u00e9couvrir les instruments du droit<\/strong> \u2013 normes, institutions, m\u00e9tiers \u2013, son r\u00f4le social, ainsi que <strong>la m\u00e9thodologie du raisonnement juridique<\/strong>. En partant du droit positif et de la fa\u00e7on dont il contribue \u00e0 structurer les grands enjeux politiques, \u00e9conomiques et sociaux contemporains, il s\u2019agit d\u2019aborder certains <strong>grands th\u00e8mes du monde contemporain\u00a0: internet et le droit, la bio\u00e9thique, le droit du travail, la protection des droits de l\u2019homme,\u2026<\/strong><\/p>\n\n\n<div class=\"wp-block-image\">\n<figure class=\"aligncenter size-large is-resized\"><img decoding=\"async\" width=\"1024\" height=\"723\" src=\"https:\/\/www.lycee-valin.fr\/RJVALIN\/wp-content\/uploads\/2025\/02\/2-1024x723.png\" alt=\"\" class=\"wp-image-7279\" style=\"width:381px;height:auto\" srcset=\"https:\/\/www.lycee-valin.fr\/RJVALIN\/wp-content\/uploads\/2025\/02\/2-1024x723.png 1024w, https:\/\/www.lycee-valin.fr\/RJVALIN\/wp-content\/uploads\/2025\/02\/2-300x212.png 300w, https:\/\/www.lycee-valin.fr\/RJVALIN\/wp-content\/uploads\/2025\/02\/2-768x542.png 768w, https:\/\/www.lycee-valin.fr\/RJVALIN\/wp-content\/uploads\/2025\/02\/2.png 1219w\" sizes=\"(max-width: 1024px) 100vw, 1024px\" \/><\/figure>\n<\/div>\n\n\n<p>L\u2019objectif de cet enseignement est moins d\u2019offrir une anticipation d\u2019une premi\u00e8re ann\u00e9e de droit \u00e0 l\u2019universit\u00e9 \u2013 quoiqu\u2019il puisse susciter chez certains \u00e9l\u00e8ves le go\u00fbt d\u2019une telle orientation \u00e0 l\u2019avenir \u2013 que de donner aux \u00e9l\u00e8ves l\u2019occasion de r\u00e9fl\u00e9chir \u00e0 l\u2019existence et \u00e0 l\u2019utilit\u00e9 des normes juridiques, \u00e0 leur port\u00e9e sociale, \u00e0 leur vertu pacificatrice, aux conditions de leur adoption et \u00e0 celles de leur application.<\/p>\n\n\n\n<p>Le choix a \u00e9t\u00e9 fait de partir de <strong>questions concr\u00e8tes<\/strong> qui mettent en sc\u00e8ne des situations r\u00e9elles afin d\u2019identifier comment le droit y est pr\u00e9sent et avec quels instruments, quels r\u00e9sultats et quelles limites il y r\u00e9pond.<\/p>\n\n\n\n<p>La <strong>diversit\u00e9 des m\u00e9tiers du droit<\/strong> et leur \u00e9volution ainsi que les principales caract\u00e9ristiques des formations sp\u00e9cialis\u00e9es conduisant \u00e0 ces m\u00e9tiers seront abord\u00e9es au travers de l\u2019\u00e9tude des questions, \u00e0 travers des exemples concrets ainsi que les principales caract\u00e9ristiques des formations sp\u00e9cialis\u00e9es conduisant \u00e0 ces m\u00e9tiers.<\/p>\n\n\n\n<figure class=\"wp-block-image size-large\"><img decoding=\"async\" width=\"1024\" height=\"714\" src=\"https:\/\/www.lycee-valin.fr\/RJVALIN\/wp-content\/uploads\/2025\/02\/5-1-1024x714.png\" alt=\"\" class=\"wp-image-7278\" srcset=\"https:\/\/www.lycee-valin.fr\/RJVALIN\/wp-content\/uploads\/2025\/02\/5-1-1024x714.png 1024w, https:\/\/www.lycee-valin.fr\/RJVALIN\/wp-content\/uploads\/2025\/02\/5-1-300x209.png 300w, https:\/\/www.lycee-valin.fr\/RJVALIN\/wp-content\/uploads\/2025\/02\/5-1-768x536.png 768w, https:\/\/www.lycee-valin.fr\/RJVALIN\/wp-content\/uploads\/2025\/02\/5-1.png 1260w\" sizes=\"(max-width: 1024px) 100vw, 1024px\" \/><\/figure>\n\n\n\n<p>Cet enseignement a pour finalit\u00e9s de :<\/p>\n\n\n\n<p>&#8211; contribuer \u00e0 la formation de l\u2019\u00e9l\u00e8ve en lui donnant les premiers \u00e9l\u00e9ments d\u2019une <strong>culture g\u00e9n\u00e9rale juridique<\/strong> .<\/p>\n\n\n\n<p>&#8211; comprendre <strong>le sens de la r\u00e8gle de droit<\/strong> pour en percevoir l\u2019utilit\u00e9 en lien avec d\u2019autres champs disciplinaires<\/p>\n\n\n\n<p>&#8211; favoriser la <strong>construction de l\u2019esprit critique<\/strong> de l\u2019\u00e9l\u00e8ve par l\u2019acquisition de la rigueur n\u00e9cessaire \u00e0 l\u2019expression d\u2019une pens\u00e9e \u00e9clair\u00e9e.<\/p>\n\n\n\n<p>&#8211; permettre <strong>la d\u00e9couverte des m\u00e9tiers du droit<\/strong> et ainsi contribuer \u00e0 la <strong>r\u00e9flexion autour du parcours d\u2019orientation de l\u2019\u00e9l\u00e8ve<\/strong>.<\/p>\n\n\n\n<p>Cette option peut \u00eatre choisie <strong>quelles que soient les sp\u00e9cialit\u00e9s des \u00e9l\u00e8ves en terminale<\/strong>. Elle enrichira le parcours \u00e9ducatif de ceux qui souhaitent poursuivre des \u00e9tudes de <strong>droit<\/strong>, journalisme, des formations type <strong>science politique<\/strong> ou des <strong>classes pr\u00e9paratoires aux grandes \u00e9coles<\/strong>.<\/p>\n\n\n\n<p><\/p>\n<div class='watch-action'><div class='watch-position align-left'><div class='action-like'><a class='lbg-style3 like-7275 jlk' href='javascript:void(0)' data-task='like' data-post_id='7275' data-nonce='2bd788b82a' rel='nofollow'><img class='wti-pixel' src='https:\/\/www.lycee-valin.fr\/RJVALIN\/wp-content\/plugins\/wti-like-post\/images\/pixel.gif' title='j&#039;aime' \/><span class='lc-7275 lc'>0<\/span><\/a><\/div><\/div> <div class='status-7275 status align-left'><\/div><\/div><div class='wti-clear'><\/div>","protected":false},"excerpt":{"rendered":"<p>L\u2019enseignement de Droit et Grands enjeux du Monde Contemporain vise \u00e0 \u00e9largir les perspectives des \u00e9l\u00e8ves de terminale. L\u2019objectif est de leur faire d\u00e9couvrir les instruments du droit \u2013 normes, institutions, m\u00e9tiers \u2013, son r\u00f4le <a class=\"more-link\" href=\"https:\/\/www.lycee-valin.fr\/RJVALIN\/option-droit-et-grands-enjeux-du-monde-contemporain-option-en-terminale\/\">Lire plus &#8230;<\/a><\/p>\n","protected":false},"author":56,"featured_media":0,"parent":0,"menu_order":0,"comment_status":"closed","ping_status":"closed","template":"","meta":{"footnotes":""},"class_list":["post-7275","page","type-page","status-publish","hentry"],"_links":{"self":[{"href":"https:\/\/www.lycee-valin.fr\/RJVALIN\/wp-json\/wp\/v2\/pages\/7275","targetHints":{"allow":["GET"]}}],"collection":[{"href":"https:\/\/www.lycee-valin.fr\/RJVALIN\/wp-json\/wp\/v2\/pages"}],"about":[{"href":"https:\/\/www.lycee-valin.fr\/RJVALIN\/wp-json\/wp\/v2\/types\/page"}],"author":[{"embeddable":true,"href":"https:\/\/www.lycee-valin.fr\/RJVALIN\/wp-json\/wp\/v2\/users\/56"}],"replies":[{"embeddable":true,"href":"https:\/\/www.lycee-valin.fr\/RJVALIN\/wp-json\/wp\/v2\/comments?post=7275"}],"version-history":[{"count":1,"href":"https:\/\/www.lycee-valin.fr\/RJVALIN\/wp-json\/wp\/v2\/pages\/7275\/revisions"}],"predecessor-version":[{"id":7280,"href":"https:\/\/www.lycee-valin.fr\/RJVALIN\/wp-json\/wp\/v2\/pages\/7275\/revisions\/7280"}],"wp:attachment":[{"href":"https:\/\/www.lycee-valin.fr\/RJVALIN\/wp-json\/wp\/v2\/media?parent=7275"}],"curies":[{"name":"wp","href":"https:\/\/api.w.org\/{rel}","templated":true}]}}

<div class="wp-block-image">
<figure class="aligncenter size-large is-resized"><img fetchpriority="high" decoding="async" width="724" height="1024" src="https://www.lycee-valin.fr/RJVALIN/wp-content/uploads/2025/02/3-724x1024.png" alt="" class="wp-image-7277" style="width:291px;height:auto" srcset="https://www.lycee-valin.fr/RJVALIN/wp-content/uploads/2025/02/3-724x1024.png 724w, https://www.lycee-valin.fr/RJVALIN/wp-content/uploads/2025/02/3-212x300.png 212w, https://www.lycee-valin.fr/RJVALIN/wp-content/uploads/2025/02/3-768x1086.png 768w, https://www.lycee-valin.fr/RJVALIN/wp-content/uploads/2025/02/3-1086x1536.png 1086w, https://www.lycee-valin.fr/RJVALIN/wp-content/uploads/2025/02/3.png 1414w" sizes="(max-width: 724px) 100vw, 724px" /></figure>
</div>


<p>L’enseignement de Droit et Grands enjeux du Monde Contemporain vise à élargir les perspectives des <strong>élèves de terminale</strong>. </p>



<p>L’objectif est de leur faire <strong>découvrir les instruments du droit</strong> – normes, institutions, métiers –, son rôle social, ainsi que <strong>la méthodologie du raisonnement juridique</strong>. En partant du droit positif et de la façon dont il contribue à structurer les grands enjeux politiques, économiques et sociaux contemporains, il s’agit d’aborder certains <strong>grands thèmes du monde contemporain : internet et le droit, la bioéthique, le droit du travail, la protection des droits de l’homme,…</strong></p>


<div class="wp-block-image">
<figure class="aligncenter size-large is-resized"><img decoding="async" width="1024" height="723" src="https://www.lycee-valin.fr/RJVALIN/wp-content/uploads/2025/02/2-1024x723.png" alt="" class="wp-image-7279" style="width:381px;height:auto" srcset="https://www.lycee-valin.fr/RJVALIN/wp-content/uploads/2025/02/2-1024x723.png 1024w, https://www.lycee-valin.fr/RJVALIN/wp-content/uploads/2025/02/2-300x212.png 300w, https://www.lycee-valin.fr/RJVALIN/wp-content/uploads/2025/02/2-768x542.png 768w, https://www.lycee-valin.fr/RJVALIN/wp-content/uploads/2025/02/2.png 1219w" sizes="(max-width: 1024px) 100vw, 1024px" /></figure>
</div>


<p>L’objectif de cet enseignement est moins d’offrir une anticipation d’une première année de droit à l’université – quoiqu’il puisse susciter chez certains élèves le goût d’une telle orientation à l’avenir – que de donner aux élèves l’occasion de réfléchir à l’existence et à l’utilité des normes juridiques, à leur portée sociale, à leur vertu pacificatrice, aux conditions de leur adoption et à celles de leur application.</p>



<p>Le choix a été fait de partir de <strong>questions concrètes</strong> qui mettent en scène des situations réelles afin d’identifier comment le droit y est présent et avec quels instruments, quels résultats et quelles limites il y répond.</p>



<p>La <strong>diversité des métiers du droit</strong> et leur évolution ainsi que les principales caractéristiques des formations spécialisées conduisant à ces métiers seront abordées au travers de l’étude des questions, à travers des exemples concrets ainsi que les principales caractéristiques des formations spécialisées conduisant à ces métiers.</p>



<figure class="wp-block-image size-large"><img decoding="async" width="1024" height="714" src="https://www.lycee-valin.fr/RJVALIN/wp-content/uploads/2025/02/5-1-1024x714.png" alt="" class="wp-image-7278" srcset="https://www.lycee-valin.fr/RJVALIN/wp-content/uploads/2025/02/5-1-1024x714.png 1024w, https://www.lycee-valin.fr/RJVALIN/wp-content/uploads/2025/02/5-1-300x209.png 300w, https://www.lycee-valin.fr/RJVALIN/wp-content/uploads/2025/02/5-1-768x536.png 768w, https://www.lycee-valin.fr/RJVALIN/wp-content/uploads/2025/02/5-1.png 1260w" sizes="(max-width: 1024px) 100vw, 1024px" /></figure>



<p>Cet enseignement a pour finalités de :</p>



<p>&#8211; contribuer à la formation de l’élève en lui donnant les premiers éléments d’une <strong>culture générale juridique</strong> .</p>



<p>&#8211; comprendre <strong>le sens de la règle de droit</strong> pour en percevoir l’utilité en lien avec d’autres champs disciplinaires</p>



<p>&#8211; favoriser la <strong>construction de l’esprit critique</strong> de l’élève par l’acquisition de la rigueur nécessaire à l’expression d’une pensée éclairée.</p>



<p>&#8211; permettre <strong>la découverte des métiers du droit</strong> et ainsi contribuer à la <strong>réflexion autour du parcours d’orientation de l’élève</strong>.</p>



<p>Cette option peut être choisie <strong>quelles que soient les spécialités des élèves en terminale</strong>. Elle enrichira le parcours éducatif de ceux qui souhaitent poursuivre des études de <strong>droit</strong>, journalisme, des formations type <strong>science politique</strong> ou des <strong>classes préparatoires aux grandes écoles</strong>.</p>



<p></p>
<div class='watch-action'><div class='watch-position align-left'><div class='action-like'><a class='lbg-style3 like-7275 jlk' href='javascript:void(0)' data-task='like' data-post_id='7275' data-nonce='2bd788b82a' rel='nofollow'><img class='wti-pixel' src='https://www.lycee-valin.fr/RJVALIN/wp-content/plugins/wti-like-post/images/pixel.gif' title='j&#039;aime' /><span class='lc-7275 lc'>0</span></a></div></div> <div class='status-7275 status align-left'></div></div><div class='wti-clear'></div>

<p>L’enseignement de Droit et Grands enjeux du Monde Contemporain vise à élargir les perspectives des élèves de terminale. L’objectif est de leur faire découvrir les instruments du droit – normes, institutions, métiers –, son rôle <a class="more-link" href="https://www.lycee-valin.fr/RJVALIN/option-droit-et-grands-enjeux-du-monde-contemporain-option-en-terminale/">Lire plus &#8230;</a></p>
