{"id":5658,"date":"2024-02-04T20:24:42","date_gmt":"2024-02-04T19:24:42","guid":{"rendered":"https:\/\/www.lycee-valin.fr\/RJVALIN\/?page_id=5658"},"modified":"2026-04-17T15:20:56","modified_gmt":"2026-04-17T13:20:56","slug":"bts-bioanalyses-en-laboratoire-de-controle","status":"publish","type":"page","link":"https:\/\/www.lycee-valin.fr\/RJVALIN\/bts-bioanalyses-en-laboratoire-de-controle\/","title":{"rendered":"BTS Bioanalyses en laboratoire de contr\u00f4le (BTS BioALC)"},"content":{"rendered":"\n<hr class=\"wp-block-separator has-alpha-channel-opacity\"\/>\n\n\n\n<p style=\"font-size:16px\">Le <a href=\"https:\/\/www.lycee-valin.fr\/RJVALIN\/bts-bioanalyses-et-controles\/\" data-type=\"link\" data-id=\"https:\/\/www.lycee-valin.fr\/RJVALIN\/bts-bioanalyses-et-controles\/\">BTS Bioanalyses et Contr\u00f4les<\/a> a \u00e9t\u00e9 r\u00e9nov\u00e9 \u00e0 la rentr\u00e9e 2024,<\/p>\n\n\n\n<p style=\"font-size:16px\">et est devenu le BTS <a href=\"https:\/\/www.lycee-valin.fr\/RJVALIN\/bts-bioanalyses-en-laboratoire-de-controle\/\" data-type=\"link\" data-id=\"https:\/\/www.lycee-valin.fr\/RJVALIN\/bts-bioanalyses-en-laboratoire-de-controle\/\" target=\"_blank\" rel=\"noreferrer noopener\">Bioanalyses en Laboratoire de Contr\u00f4le<\/a> <strong>(BTS BioALC)<\/strong><\/p>\n\n\n\n<p>Le ChatBot d\u00e9di\u00e9 : <a href=\"https:\/\/wilfrid-grossin.github.io\/BTSBioALC-Lycee-Valin\/\">https:\/\/wilfrid-grossin.github.io\/BTSBioALC-Lycee-Valin\/<\/a><\/p>\n\n\n\n<hr class=\"wp-block-separator has-alpha-channel-opacity\"\/>\n\n\n\n<ul class=\"wp-block-list has-yellow-background-color has-background\">\n<li><em><strong>Zoom sur le BTS Bioanalyses en Laboratoire de Contr\u00f4le, premi\u00e8re promotion du BTS BioALC <\/strong><\/em>: <a href=\"https:\/\/www.lycee-valin.fr\/RJVALIN\/bts-bioanalyses-en-laboratoire-de-controle-bts-bioalc\/\">https:\/\/www.lycee-valin.fr\/RJVALIN\/bts-bioanalyses-en-laboratoire-de-controle-bts-bioalc\/<\/a><\/li>\n\n\n\n<li><em><strong>La page LinkedIN d\u00e9di\u00e9e<\/strong> : <a href=\"https:\/\/www.linkedin.com\/company\/bts-bioanalyses-en-laboratoire-de-contr%C3%B4le-du-lyc%C3%A9e-valin-%C3%A0-la-rochelle\/?viewAsMember=true\">BTS Bioanalyses en Laboratoire de Contr\u00f4le du lyc\u00e9e Valin \u00e0 La Rochelle<\/a><\/em><\/li>\n<\/ul>\n\n\n\n<p>Le BTS BioALC est une formation professionnalisante en deux ans dans les laboratoires d\u2019analyse des bioindustries (pharmaceutique, alimentaire, cosm\u00e9tique) et des organismes de contr\u00f4le (environnement, v\u00e9t\u00e9rinaire, m\u00e9dical) pour devenir technicien sup\u00e9rieur.<\/p>\n\n\n\n<div data-wp-interactive=\"core\/file\" class=\"wp-block-file wp-container-content-ebf6bc82\"><object data-wp-bind--hidden=\"!state.hasPdfPreview\" hidden class=\"wp-block-file__embed\" data=\"https:\/\/www.lycee-valin.fr\/RJVALIN\/wp-content\/uploads\/2024\/02\/plaquette-BTS-BioALC-Lycee-Valin-V2-2.pdf\" type=\"application\/pdf\" style=\"width:100%;height:600px\" aria-label=\"Contenu embarqu\u00e9 plaquette-BTS-BioALC-Lycee-Valin-V2-2.\"><\/object><a id=\"wp-block-file--media-1131830d-13a4-4bcd-b055-5a567ee0bac3\" href=\"https:\/\/www.lycee-valin.fr\/RJVALIN\/wp-content\/uploads\/2024\/02\/plaquette-BTS-BioALC-Lycee-Valin-V2-2.pdf\">plaquette-BTS-BioALC-Lycee-Valin-V2-2<\/a><a href=\"https:\/\/www.lycee-valin.fr\/RJVALIN\/wp-content\/uploads\/2024\/02\/plaquette-BTS-BioALC-Lycee-Valin-V2-2.pdf\" class=\"wp-block-file__button wp-element-button\" download aria-describedby=\"wp-block-file--media-1131830d-13a4-4bcd-b055-5a567ee0bac3\">T\u00e9l\u00e9charger<\/a><\/div>\n\n\n\n<hr class=\"wp-block-separator has-alpha-channel-opacity\"\/>\n\n\n\n<p>Cette formation a pour ambition de former des professionnels experts de l\u2019analyse au laboratoire pour&nbsp;:<\/p>\n\n\n\n<ul class=\"wp-block-list\">\n<li>Contr\u00f4ler la qualit\u00e9 des bioproduits (m\u00e9dicaments, cosm\u00e9tiques, aliments) -Analyser des \u00e9chantillons d\u2019origine humaine, animale, v\u00e9g\u00e9tale et des pr\u00e9l\u00e8vements de l\u2019environnement<\/li>\n\n\n\n<li>Apporter une expertise pour l\u2019optimisation du laboratoire<\/li>\n\n\n\n<li>Travailler en \u00e9quipe et \u00e9changer avec des professionnels du monde du laboratoire<\/li>\n<\/ul>\n\n\n\n<p>Les techniciens ont pour mission de mettre en \u0153uvre, d\u2019optimiser et d\u2019actualiser des m\u00e9thodes de bioanalyses utilisant des techniques analytiques de biochimie, de microbiologie, de biologie mol\u00e9culaire, d\u2019immunologie, de physico-chimie. Leur intervention peut aller du pr\u00e9l\u00e8vement des \u00e9chantillons selon des proc\u00e9dures d\u00e9finies, jusqu\u2019\u00e0 l\u2019interpr\u00e9tation des r\u00e9sultats d\u2019analyses.<\/p>\n\n\n\n<p>Dans le respect de m\u00e9thodes normalis\u00e9es et en appui sur leur connaissance des principes de fabrication, ils r\u00e9alisent des contr\u00f4les sur les mati\u00e8res premi\u00e8res, sur le produit en cours de fabrication, sur l\u2019environnement de production et sur les produits finis afin de v\u00e9rifier leur conformit\u00e9 \u00e0 des objectifs pr\u00e9\u00e9tablis, ainsi qu\u2019aux crit\u00e8res fix\u00e9s r\u00e9glementairement par les diff\u00e9rentes instances de contr\u00f4le.<br>Les techniciens prennent en compte les contraintes r\u00e9glementaires, environnementales et \u00e9conomiques dans le contexte des objectifs de l\u2019entreprise ou du service.<\/p>\n\n\n\n<p>Les techniciens sup\u00e9rieurs en bioanalyses en laboratoire de contr\u00f4le mettent en \u0153uvre les contr\u00f4les biologiques des environnements de travail dans tout type de laboratoire, dans des structures de production ou dans des \u00e9tablissements m\u00e9dicaux.<\/p>\n\n\n\n<p>Les techniciens g\u00e8rent le mat\u00e9riel, les consommables et r\u00e9actifs au sein du laboratoire. Ils sont experts dans l\u2019utilisation, l\u2019entretien et la qualification des \u00e9quipements de laboratoire ainsi que dans les m\u00e9thodes d\u2019enregistrement des donn\u00e9es d\u2019analyses.<\/p>\n\n\n\n<p>Chaque technicien sup\u00e9rieur en bioanalyses en laboratoire de contr\u00f4le est partie prenante de la d\u00e9marche qualit\u00e9, participe aux \u00e9tudes conduites au sein du laboratoire et \u00e0 l\u2019optimisation de m\u00e9thodes d\u2019analyses, contribue \u00e0 la conception et r\u00e9daction de modes op\u00e9ratoires.<\/p>\n\n\n\n<p>Form\u00e9 \u00e0 la d\u00e9marche de pr\u00e9vention des risques biologiques et des risques chimiques chaque technicien respecte et contribue \u00e0 faire respecter les r\u00e8gles d\u2019hygi\u00e8ne et s\u00e9curit\u00e9. Le technicien est une personne ressource, au sein du laboratoire, pour pr\u00e9venir les accidents du travail.<br>Pour mener \u00e0 bien leurs missions, les techniciens travaillent au sein d\u2019une \u00e9quipe et collaborent avec le service qualit\u00e9, les clients ou le service de production, le service recherche et d\u00e9veloppement ainsi que les fournisseurs ou prestataires externes<\/p>\n\n\n\n<p><strong>Le r\u00e9f\u00e9rentiel<\/strong> (lien vers l&#8217;arr\u00eat\u00e9 publi\u00e9 au JO)<\/p>\n\n\n\n<p><a href=\"https:\/\/www.legifrance.gouv.fr\/jorf\/id\/JORFTEXT000049367122\" target=\"_blank\" rel=\"noreferrer noopener\">Arr\u00eat\u00e9 du 12 mars 2024 portant d\u00e9finition et fixant les conditions de d\u00e9livrance du brevet de technicien sup\u00e9rieur \u00ab&nbsp;Bioanalyses en laboratoire de contr\u00f4le&nbsp;\u00bb<\/a><br><a href=\"https:\/\/www.lycee-valin.fr\/RJVALIN\/publication-du-referentiel-du-bts-renove-bts-bioanalyses-en-laboratoire-de-controles\/\" target=\"_blank\" rel=\"noreferrer noopener\">[R\u00e9f\u00e9rentiel r\u00e9nov\u00e9 2024 publi\u00e9 le 5 avril 2024]- application \u00e0 partir de septembre 2024<\/a><br><\/p>\n\n\n\n<div class=\"wp-block-group alignfull is-horizontal is-content-justification-center is-layout-flex wp-container-core-group-is-layout-00ace616 wp-block-group-is-layout-flex\">\n<hr class=\"wp-block-separator has-alpha-channel-opacity\"\/>\n<\/div>\n\n\n\n<p>En lien avec la r\u00e9novation des&nbsp;<strong>BTS Bioanalyses en laboratoire de contr\u00f4le<\/strong><strong>,<\/strong>&nbsp;le groupe d\u2019inspecteurs p\u00e9dagogiques de Biotechnologie G\u00e9nie Biologique et d\u2019inspectrices g\u00e9n\u00e9rales a \u00e9labor\u00e9 une capsule vid\u00e9o de pr\u00e9sentation de la fili\u00e8re des Biotechnologies et Bioindustries.<\/p>\n\n\n\n<figure class=\"wp-block-embed is-type-video is-provider-youtube wp-block-embed-youtube wp-embed-aspect-16-9 wp-has-aspect-ratio\"><div class=\"wp-block-embed__wrapper\">\n<iframe title=\"Fili\u00e8re biotechnologie et bioindustries 28 FEV 2024\" width=\"540\" height=\"304\" src=\"https:\/\/www.youtube.com\/embed\/boR34KXEzzw?feature=oembed\" frameborder=\"0\" allow=\"accelerometer; autoplay; clipboard-write; encrypted-media; gyroscope; picture-in-picture; web-share\" referrerpolicy=\"strict-origin-when-cross-origin\" allowfullscreen><\/iframe>\n<\/div><\/figure>\n\n\n\n<p><a href=\"https:\/\/youtu.be\/boR34KXEzzw?si=x6HsuZXyGiHIv5bw\" target=\"_blank\" rel=\"noreferrer noopener\"><\/a><\/p>\n\n\n\nLa pr\u00e9vention des Risques Biologiques avec le minisite 3RB &#8211; R\u00e9seau Ressource Risque Biologique <a href=\"https:\/\/3rb-reseau-ressource-risque-biologique.github.io\/site-3RB\/\">3RB<\/a>\n<p>\nLe r\u00e9seau <a href=\"https:\/\/3rb-reseau-ressource-risque-biologique.github.io\/site-3RB\/\">3RB<\/a> propose des ressources p\u00e9dagogiques sur les risques biologiques.\n<\/p>\n\n\n\n<hr class=\"wp-block-separator has-alpha-channel-opacity\"\/>\n\n\n\n<figure class=\"wp-block-embed is-type-wp-embed is-provider-lyc-e-ren-josu-valin wp-block-embed-lyc-e-ren-josu-valin\"><div class=\"wp-block-embed__wrapper\">\n<blockquote class=\"wp-embedded-content\" data-secret=\"KkckYLJmM5\"><a href=\"https:\/\/www.lycee-valin.fr\/RJVALIN\/construction-dun-reseau-etablissement-entreprises\/\">Construction d&#8217;un r\u00e9seau Etablissement &#8211; Entreprises<\/a><\/blockquote><iframe class=\"wp-embedded-content\" sandbox=\"allow-scripts\" security=\"restricted\" style=\"position: absolute; visibility: hidden;\" title=\"\u00ab\u00a0Construction d&#8217;un r\u00e9seau Etablissement &#8211; Entreprises\u00a0\u00bb &#8212; Lyc\u00e9e Ren\u00e9-Josu\u00e9 VALIN\" src=\"https:\/\/www.lycee-valin.fr\/RJVALIN\/construction-dun-reseau-etablissement-entreprises\/embed\/#?secret=w3rA75Sw02#?secret=KkckYLJmM5\" data-secret=\"KkckYLJmM5\" width=\"540\" height=\"304\" frameborder=\"0\" marginwidth=\"0\" marginheight=\"0\" scrolling=\"no\"><\/iframe>\n<\/div><figcaption class=\"wp-element-caption\"><a href=\"https:\/\/www.lycee-valin.fr\/RJVALIN\/construction-dun-reseau-etablissement-entreprises\/\" data-type=\"page\" data-id=\"6096\">Construction d\u2019un r\u00e9seau Etablissement \u2013 Entreprises<\/a><\/figcaption><\/figure>\n\n\n\n<hr class=\"wp-block-separator has-alpha-channel-opacity\"\/>\n\n\n\n<ul class=\"wp-block-list\">\n<li style=\"font-size:17px\"><strong>Informations compl\u00e9mentaires (BTS Bioanalyses et Contr\u00f4les<\/strong>)<\/li>\n<\/ul>\n\n\n\n<figure class=\"wp-block-embed is-type-wp-embed is-provider-lyc-e-ren-josu-valin wp-block-embed-lyc-e-ren-josu-valin\"><div class=\"wp-block-embed__wrapper\">\n<blockquote class=\"wp-embedded-content\" data-secret=\"T0tL19EAta\"><a href=\"https:\/\/www.lycee-valin.fr\/RJVALIN\/bts-bioanalyses-et-controles\/\">BTS Bioanalyses et Contr\u00f4les (archive)<\/a><\/blockquote><iframe class=\"wp-embedded-content\" sandbox=\"allow-scripts\" security=\"restricted\" style=\"position: absolute; visibility: hidden;\" title=\"\u00ab\u00a0BTS Bioanalyses et Contr\u00f4les (archive)\u00a0\u00bb &#8212; Lyc\u00e9e Ren\u00e9-Josu\u00e9 VALIN\" src=\"https:\/\/www.lycee-valin.fr\/RJVALIN\/bts-bioanalyses-et-controles\/embed\/#?secret=R2t55n8t9h#?secret=T0tL19EAta\" data-secret=\"T0tL19EAta\" width=\"540\" height=\"304\" frameborder=\"0\" marginwidth=\"0\" marginheight=\"0\" scrolling=\"no\"><\/iframe>\n<\/div><\/figure>\n<div class='watch-action'><div class='watch-position align-left'><div class='action-like'><a class='lbg-style3 like-5658 jlk' href='javascript:void(0)' data-task='like' data-post_id='5658' data-nonce='680cdee53b' rel='nofollow'><img class='wti-pixel' src='https:\/\/www.lycee-valin.fr\/RJVALIN\/wp-content\/plugins\/wti-like-post\/images\/pixel.gif' title='j&#039;aime' \/><span class='lc-5658 lc'>0<\/span><\/a><\/div><\/div> <div class='status-5658 status align-left'><\/div><\/div><div class='wti-clear'><\/div>","protected":false},"excerpt":{"rendered":"<p>Le BTS Bioanalyses et Contr\u00f4les a \u00e9t\u00e9 r\u00e9nov\u00e9 \u00e0 la rentr\u00e9e 2024, et est devenu le BTS Bioanalyses en Laboratoire de Contr\u00f4le (BTS BioALC) Le ChatBot d\u00e9di\u00e9 : https:\/\/wilfrid-grossin.github.io\/BTSBioALC-Lycee-Valin\/ Le BTS BioALC est une formation <a class=\"more-link\" href=\"https:\/\/www.lycee-valin.fr\/RJVALIN\/bts-bioanalyses-en-laboratoire-de-controle\/\">Lire plus &#8230;<\/a><\/p>\n","protected":false},"author":5,"featured_media":8548,"parent":0,"menu_order":0,"comment_status":"closed","ping_status":"closed","template":"","meta":{"footnotes":""},"class_list":["post-5658","page","type-page","status-publish","has-post-thumbnail","hentry"],"_links":{"self":[{"href":"https:\/\/www.lycee-valin.fr\/RJVALIN\/wp-json\/wp\/v2\/pages\/5658","targetHints":{"allow":["GET"]}}],"collection":[{"href":"https:\/\/www.lycee-valin.fr\/RJVALIN\/wp-json\/wp\/v2\/pages"}],"about":[{"href":"https:\/\/www.lycee-valin.fr\/RJVALIN\/wp-json\/wp\/v2\/types\/page"}],"author":[{"embeddable":true,"href":"https:\/\/www.lycee-valin.fr\/RJVALIN\/wp-json\/wp\/v2\/users\/5"}],"replies":[{"embeddable":true,"href":"https:\/\/www.lycee-valin.fr\/RJVALIN\/wp-json\/wp\/v2\/comments?post=5658"}],"version-history":[{"count":33,"href":"https:\/\/www.lycee-valin.fr\/RJVALIN\/wp-json\/wp\/v2\/pages\/5658\/revisions"}],"predecessor-version":[{"id":8770,"href":"https:\/\/www.lycee-valin.fr\/RJVALIN\/wp-json\/wp\/v2\/pages\/5658\/revisions\/8770"}],"wp:featuredmedia":[{"embeddable":true,"href":"https:\/\/www.lycee-valin.fr\/RJVALIN\/wp-json\/wp\/v2\/media\/8548"}],"wp:attachment":[{"href":"https:\/\/www.lycee-valin.fr\/RJVALIN\/wp-json\/wp\/v2\/media?parent=5658"}],"curies":[{"name":"wp","href":"https:\/\/api.w.org\/{rel}","templated":true}]}}