{"id":562,"date":"2022-05-30T15:59:23","date_gmt":"2022-05-30T13:59:23","guid":{"rendered":"https:\/\/www.lycee-valin.fr\/RJVALIN\/?page_id=562"},"modified":"2022-10-12T05:03:13","modified_gmt":"2022-10-12T03:03:13","slug":"le-mot-du-proviseur","status":"publish","type":"page","link":"https:\/\/www.lycee-valin.fr\/RJVALIN\/le-mot-du-proviseur\/","title":{"rendered":"L&#8217;option math\u00e9matiques en premi\u00e8re g\u00e9n\u00e9rale (1h30)"},"content":{"rendered":"\n<h2 class=\"wp-block-heading\"><\/h2>\n\n\n\n<p><\/p>\n\n\n\n<figure class=\"wp-block-image size-large\"><img fetchpriority=\"high\" decoding=\"async\" width=\"1024\" height=\"542\" src=\"https:\/\/www.lycee-valin.fr\/RJVALIN\/wp-content\/uploads\/2022\/10\/Math-1h30-1024x542.png\" alt=\"\" class=\"wp-image-2852\" srcset=\"https:\/\/www.lycee-valin.fr\/RJVALIN\/wp-content\/uploads\/2022\/10\/Math-1h30-1024x542.png 1024w, https:\/\/www.lycee-valin.fr\/RJVALIN\/wp-content\/uploads\/2022\/10\/Math-1h30-300x159.png 300w, https:\/\/www.lycee-valin.fr\/RJVALIN\/wp-content\/uploads\/2022\/10\/Math-1h30-768x407.png 768w, https:\/\/www.lycee-valin.fr\/RJVALIN\/wp-content\/uploads\/2022\/10\/Math-1h30-1536x814.png 1536w, https:\/\/www.lycee-valin.fr\/RJVALIN\/wp-content\/uploads\/2022\/10\/Math-1h30-2048x1085.png 2048w\" sizes=\"(max-width: 1024px) 100vw, 1024px\" \/><\/figure>\n\n\n\n<p>Comme vous le savez, la place des math\u00e9matiques au lyc\u00e9e d\u2019enseignement g\u00e9n\u00e9ral et technologique a fait l\u2019objet, depuis plusieurs mois, d\u2019une large r\u00e9flexion, notamment dans le cadre des travaux d\u2019un comit\u00e9 d\u00e9di\u00e9 qui a remis ses propositions au mois de mars dernier.<\/p>\n\n\n\n<p>L\u2019enjeu est double&nbsp;: doter tous les \u00e9l\u00e8ves de comp\u00e9tences solides, ce qui implique de renforcer le poids et le niveau des math\u00e9matiques tout au long de la scolarit\u00e9&nbsp;; et permettre \u00e0 ceux qui le souhaitent de d\u00e9velopper un niveau d\u2019expertise \u00e9lev\u00e9.<\/p>\n\n\n\n<p>La nouvelle architecture du lyc\u00e9e g\u00e9n\u00e9ral vise \u00e0 r\u00e9pondre \u00e0 cette double exigence, avec notamment un niveau d\u2019expertise \u00e9lev\u00e9 pour les \u00e9l\u00e8ves qui poursuivent la sp\u00e9cialit\u00e9 math\u00e9matiques jusqu\u2019en terminale, a fortiori lorsqu\u2019ils y associent l\u2019option math\u00e9matiques expertes. Toutefois, elle conduit, jusqu\u2019\u00e0 pr\u00e9sent, certains \u00e9l\u00e8ves \u00e0 ne plus suivre d\u2019enseignement de math\u00e9matiques sp\u00e9cifique \u00e0 partir de la classe de premi\u00e8re.<\/p>\n\n\n\n<p>Afin de garantir un enseignement de math\u00e9matiques pour tous les \u00e9l\u00e8ves jusqu\u2019\u00e0 la fin de la classe de 1<sup>\u00e8re<\/sup>, et conform\u00e9ment aux engagements du Pr\u00e9sident de la R\u00e9publique, le ministre a d\u00e9cid\u00e9 de r\u00e9introduire d\u00e8s cette rentr\u00e9e 2022 un enseignement de math\u00e9matiques dans le tronc commun, \u00e0 raison d\u2019une heure et demie par semaine.<\/p>\n\n\n\n<p>A titre transitoire, pour l\u2019ann\u00e9e scolaire 2022-2023, cet enseignement sera ouvert dans tous les lyc\u00e9es g\u00e9n\u00e9raux et propos\u00e9 \u00e0 titre facultatif aux \u00e9l\u00e8ves de classe de 1<sup>\u00e8re<\/sup>&nbsp;qui n\u2019auront pas choisi la sp\u00e9cialit\u00e9 math\u00e9matiques.<\/p>\n\n\n\n<p>Cet enseignement sera int\u00e9gr\u00e9 \u00e0 l\u2019enseignement scientifique permettant ainsi de conserver sa dimension interdisciplinaire. Ce nouvel \u00ab&nbsp;enseignement scientifique et math\u00e9matique&nbsp;\u00bb sera \u00e9valu\u00e9 dans le cadre du contr\u00f4le continu, sans modification du coefficient actuellement attribu\u00e9 \u00e0 l\u2019enseignement scientifique (coefficient 3 pour l\u2019ann\u00e9e de premi\u00e8re). Il fera l\u2019objet d\u2019un programme sp\u00e9cifique, qui, apr\u00e8s concertation, sera publi\u00e9 \u00e0 la fin du mois de juin. Des ressources p\u00e9dagogiques seront mises \u00e0 disposition des professeurs \u00e0 l\u2019appui de ce programme. Des temps de formation leur seront \u00e9galement propos\u00e9s.<\/p>\n\n\n\n<p><\/p>\n\n\n\n<p>Gr\u00e2ce \u00e0 la mise en place de ce nouvel enseignement en 2022, tous les \u00e9l\u00e8ves qui le souhaitent b\u00e9n\u00e9ficieront donc d\u00e8s la rentr\u00e9e d\u2019un enseignement en math\u00e9matiques jusqu\u2019\u00e0 la fin de la classe de premi\u00e8re.<\/p>\n\n\n\n<p>L\u2019introduction de cet enseignement facultatif ne constitue pas une \u00ab&nbsp;alternative&nbsp;\u00bb \u00e0 la sp\u00e9cialit\u00e9 math\u00e9matiques. Il est donc important que les \u00e9l\u00e8ves qui, du fait de leurs comp\u00e9tences et de leurs projets d\u2019orientation, ont choisi cette sp\u00e9cialit\u00e9, ne le consid\u00e8rent pas comme tel. Il permettra en revanche aux non-sp\u00e9cialistes de consolider l\u2019apprentissage et la ma\u00eetrise des notions fondamentales, voire, le cas \u00e9ch\u00e9ant, de poursuivre avec l\u2019option math\u00e9matiques compl\u00e9mentaires en terminale. Dans l\u2019hypoth\u00e8se o\u00f9 des \u00e9l\u00e8ves de seconde qui ont choisi la sp\u00e9cialit\u00e9 math\u00e9matiques vous solliciteraient pour une adaptation de leurs v\u0153ux \u00e0 la lumi\u00e8re de cette \u00e9volution, il conviendra de les informer de ces \u00e9l\u00e9ments avant d\u2019accepter leur demande.<\/p>\n<div class='watch-action'><div class='watch-position align-left'><div class='action-like'><a class='lbg-style3 like-562 jlk' href='javascript:void(0)' data-task='like' data-post_id='562' data-nonce='968edd4c0e' rel='nofollow'><img class='wti-pixel' src='https:\/\/www.lycee-valin.fr\/RJVALIN\/wp-content\/plugins\/wti-like-post\/images\/pixel.gif' title='j&#039;aime' \/><span class='lc-562 lc'>0<\/span><\/a><\/div><\/div> <div class='status-562 status align-left'><\/div><\/div><div class='wti-clear'><\/div>","protected":false},"excerpt":{"rendered":"<p>Comme vous le savez, la place des math\u00e9matiques au lyc\u00e9e d\u2019enseignement g\u00e9n\u00e9ral et technologique a fait l\u2019objet, depuis plusieurs mois, d\u2019une large r\u00e9flexion, notamment dans le cadre des travaux d\u2019un comit\u00e9 d\u00e9di\u00e9 qui a remis <a class=\"more-link\" href=\"https:\/\/www.lycee-valin.fr\/RJVALIN\/le-mot-du-proviseur\/\">Lire plus &#8230;<\/a><\/p>\n","protected":false},"author":1,"featured_media":0,"parent":0,"menu_order":0,"comment_status":"closed","ping_status":"closed","template":"elementor_header_footer","meta":{"footnotes":""},"class_list":["post-562","page","type-page","status-publish","hentry"],"_links":{"self":[{"href":"https:\/\/www.lycee-valin.fr\/RJVALIN\/wp-json\/wp\/v2\/pages\/562","targetHints":{"allow":["GET"]}}],"collection":[{"href":"https:\/\/www.lycee-valin.fr\/RJVALIN\/wp-json\/wp\/v2\/pages"}],"about":[{"href":"https:\/\/www.lycee-valin.fr\/RJVALIN\/wp-json\/wp\/v2\/types\/page"}],"author":[{"embeddable":true,"href":"https:\/\/www.lycee-valin.fr\/RJVALIN\/wp-json\/wp\/v2\/users\/1"}],"replies":[{"embeddable":true,"href":"https:\/\/www.lycee-valin.fr\/RJVALIN\/wp-json\/wp\/v2\/comments?post=562"}],"version-history":[{"count":14,"href":"https:\/\/www.lycee-valin.fr\/RJVALIN\/wp-json\/wp\/v2\/pages\/562\/revisions"}],"predecessor-version":[{"id":2853,"href":"https:\/\/www.lycee-valin.fr\/RJVALIN\/wp-json\/wp\/v2\/pages\/562\/revisions\/2853"}],"wp:attachment":[{"href":"https:\/\/www.lycee-valin.fr\/RJVALIN\/wp-json\/wp\/v2\/media?parent=562"}],"curies":[{"name":"wp","href":"https:\/\/api.w.org\/{rel}","templated":true}]}}