{"id":5615,"date":"2024-01-26T17:14:05","date_gmt":"2024-01-26T16:14:05","guid":{"rendered":"https:\/\/www.lycee-valin.fr\/RJVALIN\/?page_id=5615"},"modified":"2024-01-26T17:35:17","modified_gmt":"2024-01-26T16:35:17","slug":"actions-sante-citoyennete-et-developpement-durable-cesce","status":"publish","type":"page","link":"https:\/\/www.lycee-valin.fr\/RJVALIN\/actions-sante-citoyennete-et-developpement-durable-cesce\/","title":{"rendered":"Actions sant\u00e9, citoyennet\u00e9 et d\u00e9veloppement durable (CESCE)"},"content":{"rendered":"\n<hr class=\"wp-block-separator has-alpha-channel-opacity\"\/>\n\n\n\n<figure class=\"wp-block-image size-full\"><img fetchpriority=\"high\" decoding=\"async\" width=\"842\" height=\"390\" src=\"https:\/\/www.lycee-valin.fr\/RJVALIN\/wp-content\/uploads\/2024\/01\/CESCE-2.jpg\" alt=\"\" class=\"wp-image-5623\" srcset=\"https:\/\/www.lycee-valin.fr\/RJVALIN\/wp-content\/uploads\/2024\/01\/CESCE-2.jpg 842w, https:\/\/www.lycee-valin.fr\/RJVALIN\/wp-content\/uploads\/2024\/01\/CESCE-2-300x139.jpg 300w, https:\/\/www.lycee-valin.fr\/RJVALIN\/wp-content\/uploads\/2024\/01\/CESCE-2-768x356.jpg 768w\" sizes=\"(max-width: 842px) 100vw, 842px\" \/><\/figure>\n\n\n\n<p><strong>Comite d\u2019\u00e9ducation \u00e0 la sant\u00e9, \u00e0 la citoyennet\u00e9 et \u00e0 l\u2019environnement<\/strong><strong><\/strong><\/p>\n\n\n\n<p><strong>Pr\u00e9sentation du CESCE&nbsp;<\/strong><sup data-fn=\"d86a37b8-d355-49c1-bef3-cafcfed849ab\" class=\"fn\"><a href=\"#d86a37b8-d355-49c1-bef3-cafcfed849ab\" id=\"d86a37b8-d355-49c1-bef3-cafcfed849ab-link\">1<\/a><\/sup><strong>:<\/strong><\/p>\n\n\n\n<p>\u200b\u200b\u200b\u200b&nbsp;\u200b\u200b\u200b\u200bLe&nbsp;<strong>CESCE<\/strong>&nbsp;est une instance de r\u00e9flexion, d&#8217;observation et de veille qui con\u00e7oit, met en \u0153uvre et \u00e9value les actions en mati\u00e8re de pr\u00e9vention et d&#8217;\u00e9ducation \u00e0 la citoyennet\u00e9 \u00e0 la sant\u00e9 et aux questions d&#8217;environnement. Cette d\u00e9marche globale et f\u00e9d\u00e9ratrice permet de donner plus de coh\u00e9rence et de lisibilit\u00e9 \u00e0 la politique \u00e9ducative de l&#8217;\u00e9tablissement et favorise \u00e9galement des partenariats en fonction des probl\u00e9matiques abord\u00e9es. Elle doit s&#8217;inscrire en lien avec le projet d&#8217;\u00e9tablissement et en fonction du contexte de celui-ci : nature de l&#8217;\u00e9tablissement, public accueilli, environnement.<\/p>\n\n\n\n<p>\u200b<br>Le<strong> CESCE<\/strong> est ainsi l&#8217;instance privil\u00e9gi\u00e9e pour :<\/p>\n\n\n\n<p>&#8211; mettre en \u0153uvre au niveau de l&#8217;EPLE&nbsp;les politiques nationales, acad\u00e9miques et locales concernant la sant\u00e9, la citoyennet\u00e9 et l&#8217;environnement ;<\/p>\n\n\n\n<p>&#8211; favoriser et accompagner l&#8217;engagement des d\u00e9l\u00e9gu\u00e9.e.s et \u00e9co-d\u00e9l\u00e9gu\u00e9.e.s dans les instances de l&#8217;\u00e9tablissement ;<\/p>\n\n\n\n<p>&#8211; encourager les comp\u00e9tences qui permettent de comprendre l&#8217;environnement et les enjeux qui y sont li\u00e9s ;<\/p>\n\n\n\n<p>&#8211; f\u00e9d\u00e9rer les actions de pr\u00e9vention concernant la sant\u00e9 dans le cadre du&nbsp;parcours \u00e9ducatif de sant\u00e9&nbsp;;<\/p>\n\n\n\n<p>&#8211; accompagner l&#8217;\u00e9ducation \u00e0 la citoyennet\u00e9 en concordance avec le&nbsp;parcours citoyen&nbsp;;<\/p>\n\n\n\n<p>&#8211; contribuer \u00e0 la mise en \u0153uvre d&#8217;un plan de pr\u00e9vention de la violence et participer \u00e0 l&#8217;\u00e9laboration du diagnostic de s\u00e9curit\u00e9 ;<\/p>\n\n\n\n<p>&#8211; favoriser les partenariats des \u00e9tablissements (cr\u00e9ation des <strong>CESCE<\/strong> inter-degr\u00e9s ou&nbsp;inter-\u00e9tablissements) dans le cadre des bassins ou des r\u00e9seaux ;<\/p>\n\n\n\n<p>&#8211; articuler les actions avec diff\u00e9rents partenaires, par le biais des contrats \u00e9ducatifs locaux, des contrats locaux de s\u00e9curit\u00e9 et des instances de la politique de la ville ;<\/p>\n\n\n\n<p>&#8211; coordonner les actions d&#8217;am\u00e9lioration du climat scolaire ;<\/p>\n\n\n\n<p>&#8211; contribuer \u00e0 soutenir et accompagner des parents en difficult\u00e9 et lutter contre les in\u00e9galit\u00e9s sociales et l&#8217;exclusion des publics fragiles.&nbsp;<\/p>\n\n\n\n<hr class=\"wp-block-separator has-alpha-channel-opacity\"\/>\n\n\n\n<p>\u200b<strong>En compl\u00e9ment de la d\u00e9marche de projets et de labellisation<\/strong><\/p>\n\n\n\n<p>1-&nbsp;&nbsp;&nbsp; Le label E3D niveau \u00ab&nbsp;expert&nbsp;\u00bb<\/p>\n\n\n\n<p>2-&nbsp;&nbsp;&nbsp; Le projet \u00ab&nbsp;\u00e9co-d\u00e9l\u00e9gu\u00e9s&nbsp;\u00bb<\/p>\n\n\n\n<p>3-&nbsp;&nbsp;&nbsp; Vers un label \u00e9galit\u00e9 \u00ab&nbsp;filles\/gar\u00e7ons&nbsp;\u00bb en 2024&nbsp;?<\/p>\n\n\n\n<hr class=\"wp-block-separator has-alpha-channel-opacity\"\/>\n\n\n<ol class=\"wp-block-footnotes\"><li id=\"d86a37b8-d355-49c1-bef3-cafcfed849ab\"><a href=\"https:\/\/www.ih2ef.gouv.fr\/comite-deducation-la-sante-la-citoyennete-et-lenvironnement-cesce\" target=\"_blank\" rel=\"noreferrer noopener\">https:\/\/www.ih2ef.gouv.fr\/comite-deducation-la-sante-la-citoyennete-et-lenvironnement-cesce<\/a> <a href=\"#d86a37b8-d355-49c1-bef3-cafcfed849ab-link\" aria-label=\"Aller \u00e0 la note de bas de page 1\">\u21a9\ufe0e<\/a><\/li><\/ol><div class='watch-action'><div class='watch-position align-left'><div class='action-like'><a class='lbg-style3 like-5615 jlk' href='javascript:void(0)' data-task='like' data-post_id='5615' data-nonce='6a8f42ef85' rel='nofollow'><img class='wti-pixel' src='https:\/\/www.lycee-valin.fr\/RJVALIN\/wp-content\/plugins\/wti-like-post\/images\/pixel.gif' title='j&#039;aime' \/><span class='lc-5615 lc'>0<\/span><\/a><\/div><\/div> <div class='status-5615 status align-left'><\/div><\/div><div class='wti-clear'><\/div>","protected":false},"excerpt":{"rendered":"<p>Comite d\u2019\u00e9ducation \u00e0 la sant\u00e9, \u00e0 la citoyennet\u00e9 et \u00e0 l\u2019environnement Pr\u00e9sentation du CESCE&nbsp;: \u200b\u200b\u200b\u200b&nbsp;\u200b\u200b\u200b\u200bLe&nbsp;CESCE&nbsp;est une instance de r\u00e9flexion, d&#8217;observation et de veille qui con\u00e7oit, met en \u0153uvre et \u00e9value les actions en mati\u00e8re de <a class=\"more-link\" href=\"https:\/\/www.lycee-valin.fr\/RJVALIN\/actions-sante-citoyennete-et-developpement-durable-cesce\/\">Lire plus &#8230;<\/a><\/p>\n","protected":false},"author":1,"featured_media":0,"parent":0,"menu_order":0,"comment_status":"closed","ping_status":"closed","template":"","meta":{"footnotes":"[{\"content\":\"<a href=\\\"https:\/\/www.ih2ef.gouv.fr\/comite-deducation-la-sante-la-citoyennete-et-lenvironnement-cesce\\\" target=\\\"_blank\\\" rel=\\\"noreferrer noopener\\\">https:\/\/www.ih2ef.gouv.fr\/comite-deducation-la-sante-la-citoyennete-et-lenvironnement-cesce<\/a>\",\"id\":\"d86a37b8-d355-49c1-bef3-cafcfed849ab\"}]"},"class_list":["post-5615","page","type-page","status-publish","hentry"],"_links":{"self":[{"href":"https:\/\/www.lycee-valin.fr\/RJVALIN\/wp-json\/wp\/v2\/pages\/5615","targetHints":{"allow":["GET"]}}],"collection":[{"href":"https:\/\/www.lycee-valin.fr\/RJVALIN\/wp-json\/wp\/v2\/pages"}],"about":[{"href":"https:\/\/www.lycee-valin.fr\/RJVALIN\/wp-json\/wp\/v2\/types\/page"}],"author":[{"embeddable":true,"href":"https:\/\/www.lycee-valin.fr\/RJVALIN\/wp-json\/wp\/v2\/users\/1"}],"replies":[{"embeddable":true,"href":"https:\/\/www.lycee-valin.fr\/RJVALIN\/wp-json\/wp\/v2\/comments?post=5615"}],"version-history":[{"count":4,"href":"https:\/\/www.lycee-valin.fr\/RJVALIN\/wp-json\/wp\/v2\/pages\/5615\/revisions"}],"predecessor-version":[{"id":5624,"href":"https:\/\/www.lycee-valin.fr\/RJVALIN\/wp-json\/wp\/v2\/pages\/5615\/revisions\/5624"}],"wp:attachment":[{"href":"https:\/\/www.lycee-valin.fr\/RJVALIN\/wp-json\/wp\/v2\/media?parent=5615"}],"curies":[{"name":"wp","href":"https:\/\/api.w.org\/{rel}","templated":true}]}}

Actions santé, citoyenneté et développement durable (CESCE)

<hr class="wp-block-separator has-alpha-channel-opacity"/>



<figure class="wp-block-image size-full"><img fetchpriority="high" decoding="async" width="842" height="390" src="https://www.lycee-valin.fr/RJVALIN/wp-content/uploads/2024/01/CESCE-2.jpg" alt="" class="wp-image-5623" srcset="https://www.lycee-valin.fr/RJVALIN/wp-content/uploads/2024/01/CESCE-2.jpg 842w, https://www.lycee-valin.fr/RJVALIN/wp-content/uploads/2024/01/CESCE-2-300x139.jpg 300w, https://www.lycee-valin.fr/RJVALIN/wp-content/uploads/2024/01/CESCE-2-768x356.jpg 768w" sizes="(max-width: 842px) 100vw, 842px" /></figure>



<p><strong>Comite d’éducation à la santé, à la citoyenneté et à l’environnement</strong><strong></strong></p>



<p><strong>Présentation du CESCE&nbsp;</strong><sup data-fn="d86a37b8-d355-49c1-bef3-cafcfed849ab" class="fn"><a href="#d86a37b8-d355-49c1-bef3-cafcfed849ab" id="d86a37b8-d355-49c1-bef3-cafcfed849ab-link">1</a></sup><strong>:</strong></p>



<p>​​​​&nbsp;​​​​Le&nbsp;<strong>CESCE</strong>&nbsp;est une instance de réflexion, d&#8217;observation et de veille qui conçoit, met en œuvre et évalue les actions en matière de prévention et d&#8217;éducation à la citoyenneté à la santé et aux questions d&#8217;environnement. Cette démarche globale et fédératrice permet de donner plus de cohérence et de lisibilité à la politique éducative de l&#8217;établissement et favorise également des partenariats en fonction des problématiques abordées. Elle doit s&#8217;inscrire en lien avec le projet d&#8217;établissement et en fonction du contexte de celui-ci : nature de l&#8217;établissement, public accueilli, environnement.</p>



<p>​<br>Le<strong> CESCE</strong> est ainsi l&#8217;instance privilégiée pour :</p>



<p>&#8211; mettre en œuvre au niveau de l&#8217;EPLE&nbsp;les politiques nationales, académiques et locales concernant la santé, la citoyenneté et l&#8217;environnement ;</p>



<p>&#8211; favoriser et accompagner l&#8217;engagement des délégué.e.s et éco-délégué.e.s dans les instances de l&#8217;établissement ;</p>



<p>&#8211; encourager les compétences qui permettent de comprendre l&#8217;environnement et les enjeux qui y sont liés ;</p>



<p>&#8211; fédérer les actions de prévention concernant la santé dans le cadre du&nbsp;parcours éducatif de santé&nbsp;;</p>



<p>&#8211; accompagner l&#8217;éducation à la citoyenneté en concordance avec le&nbsp;parcours citoyen&nbsp;;</p>



<p>&#8211; contribuer à la mise en œuvre d&#8217;un plan de prévention de la violence et participer à l&#8217;élaboration du diagnostic de sécurité ;</p>



<p>&#8211; favoriser les partenariats des établissements (création des <strong>CESCE</strong> inter-degrés ou&nbsp;inter-établissements) dans le cadre des bassins ou des réseaux ;</p>



<p>&#8211; articuler les actions avec différents partenaires, par le biais des contrats éducatifs locaux, des contrats locaux de sécurité et des instances de la politique de la ville ;</p>



<p>&#8211; coordonner les actions d&#8217;amélioration du climat scolaire ;</p>



<p>&#8211; contribuer à soutenir et accompagner des parents en difficulté et lutter contre les inégalités sociales et l&#8217;exclusion des publics fragiles.&nbsp;</p>



<hr class="wp-block-separator has-alpha-channel-opacity"/>



<p>​<strong>En complément de la démarche de projets et de labellisation</strong></p>



<p>1-&nbsp;&nbsp;&nbsp; Le label E3D niveau «&nbsp;expert&nbsp;»</p>



<p>2-&nbsp;&nbsp;&nbsp; Le projet «&nbsp;éco-délégués&nbsp;»</p>



<p>3-&nbsp;&nbsp;&nbsp; Vers un label égalité «&nbsp;filles/garçons&nbsp;» en 2024&nbsp;?</p>



<hr class="wp-block-separator has-alpha-channel-opacity"/>


<ol class="wp-block-footnotes"><li id="d86a37b8-d355-49c1-bef3-cafcfed849ab"><a href="https://www.ih2ef.gouv.fr/comite-deducation-la-sante-la-citoyennete-et-lenvironnement-cesce" target="_blank" rel="noreferrer noopener">https://www.ih2ef.gouv.fr/comite-deducation-la-sante-la-citoyennete-et-lenvironnement-cesce</a> <a href="#d86a37b8-d355-49c1-bef3-cafcfed849ab-link" aria-label="Aller à la note de bas de page 1">↩︎</a></li></ol><div class='watch-action'><div class='watch-position align-left'><div class='action-like'><a class='lbg-style3 like-5615 jlk' href='javascript:void(0)' data-task='like' data-post_id='5615' data-nonce='6a8f42ef85' rel='nofollow'><img class='wti-pixel' src='https://www.lycee-valin.fr/RJVALIN/wp-content/plugins/wti-like-post/images/pixel.gif' title='j&#039;aime' /><span class='lc-5615 lc'>0</span></a></div></div> <div class='status-5615 status align-left'></div></div><div class='wti-clear'></div>

<p>Comite d’éducation à la santé, à la citoyenneté et à l’environnement Présentation du CESCE&nbsp;: ​​​​&nbsp;​​​​Le&nbsp;CESCE&nbsp;est une instance de réflexion, d&#8217;observation et de veille qui conçoit, met en œuvre et évalue les actions en matière de <a class="more-link" href="https://www.lycee-valin.fr/RJVALIN/actions-sante-citoyennete-et-developpement-durable-cesce/">Lire plus &#8230;</a></p>
