{"id":412,"date":"2022-05-27T03:53:47","date_gmt":"2022-05-27T01:53:47","guid":{"rendered":"https:\/\/www.lycee-valin.fr\/RJVALIN\/?page_id=412"},"modified":"2023-07-13T07:15:43","modified_gmt":"2023-07-13T05:15:43","slug":"histoire-et-geographie","status":"publish","type":"page","link":"https:\/\/www.lycee-valin.fr\/RJVALIN\/histoire-et-geographie\/","title":{"rendered":"Histoire et G\u00e9ographie"},"content":{"rendered":"\n<hr class=\"wp-block-separator has-alpha-channel-opacity\"\/>\n\n\n\n<p>Liens des articles li\u00e9s \u00e0 cette cat\u00e9gorie<\/p>\n\n\n<ul class=\"wp-block-latest-posts__list has-dates has-author wp-block-latest-posts\"><li><a class=\"wp-block-latest-posts__post-title\" href=\"https:\/\/www.lycee-valin.fr\/RJVALIN\/%f0%9f%8e%99-tetris-ashtag-les-voix-du-lycee-valin-a-la-radio-et-en-podcast\/\">\ud83c\udf99 T\u00c9TRIS &amp; ASHTAG : les voix du Lyc\u00e9e Valin \u00e0 la radio et en podcast !<\/a><div class=\"wp-block-latest-posts__post-author\">par WILFRID GROSSIN<\/div><time datetime=\"2025-09-15T09:01:33+02:00\" class=\"wp-block-latest-posts__post-date\">15 septembre 2025<\/time><\/li>\n<li><a class=\"wp-block-latest-posts__post-title\" href=\"https:\/\/www.lycee-valin.fr\/RJVALIN\/projet-erasmus-les-villes-de-la-hanse-3eme-edition-pour-le-lycee-valin\/\">\u00a0Projet Erasmus + Les villes de La Hanse 3\u00e8me \u00e9dition pour le Lyc\u00e9e Valin !<\/a><div class=\"wp-block-latest-posts__post-author\">par WILFRID GROSSIN<\/div><time datetime=\"2025-06-20T10:09:27+02:00\" class=\"wp-block-latest-posts__post-date\">20 juin 2025<\/time><\/li>\n<li><a class=\"wp-block-latest-posts__post-title\" href=\"https:\/\/www.lycee-valin.fr\/RJVALIN\/sorienter-avec-la-spe-hggsp\/\">S&#8217;orienter avec la Sp\u00e9 HGGSP<\/a><div class=\"wp-block-latest-posts__post-author\">par Jean-Louis Bonnafous<\/div><time datetime=\"2023-01-15T21:31:28+01:00\" class=\"wp-block-latest-posts__post-date\">15 janvier 2023<\/time><\/li>\n<li><a class=\"wp-block-latest-posts__post-title\" href=\"https:\/\/www.lycee-valin.fr\/RJVALIN\/jentre-en-spe-hggsp-premiere\/\">J&#8217;entre en Sp\u00e9 HGGSP Premi\u00e8re<\/a><div class=\"wp-block-latest-posts__post-author\">par Jean-Louis Bonnafous<\/div><time datetime=\"2022-09-28T20:05:18+02:00\" class=\"wp-block-latest-posts__post-date\">28 septembre 2022<\/time><\/li>\n<li><a class=\"wp-block-latest-posts__post-title\" href=\"https:\/\/www.lycee-valin.fr\/RJVALIN\/dnl-euro-anglais\/\">DNL Euro anglais<\/a><div class=\"wp-block-latest-posts__post-author\">par Jocelyne Le-Foll<\/div><time datetime=\"2022-08-31T14:26:28+02:00\" class=\"wp-block-latest-posts__post-date\">31 ao\u00fbt 2022<\/time><\/li>\n<\/ul>\n\n<form role=\"search\" method=\"get\" action=\"https:\/\/www.lycee-valin.fr\/RJVALIN\/\" class=\"wp-block-search__button-outside wp-block-search__icon-button wp-block-search\"    ><label class=\"wp-block-search__label\" for=\"wp-block-search__input-1\" >Rechercher un autre article<\/label><div class=\"wp-block-search__inside-wrapper\" ><input class=\"wp-block-search__input\" id=\"wp-block-search__input-1\" placeholder=\"\" value=\"\" type=\"search\" name=\"s\" required \/><button aria-label=\"Rechercher\" class=\"wp-block-search__button has-icon wp-element-button\" type=\"submit\" ><svg class=\"search-icon\" viewBox=\"0 0 24 24\" width=\"24\" height=\"24\">\n\t\t\t\t\t<path d=\"M13 5c-3.3 0-6 2.7-6 6 0 1.4.5 2.7 1.3 3.7l-3.8 3.8 1.1 1.1 3.8-3.8c1 .8 2.3 1.3 3.7 1.3 3.3 0 6-2.7 6-6S16.3 5 13 5zm0 10.5c-2.5 0-4.5-2-4.5-4.5s2-4.5 4.5-4.5 4.5 2 4.5 4.5-2 4.5-4.5 4.5z\"><\/path>\n\t\t\t\t<\/svg><\/button><\/div><\/form><div class='watch-action'><div class='watch-position align-left'><div class='action-like'><a class='lbg-style3 like-412 jlk' href='javascript:void(0)' data-task='like' data-post_id='412' data-nonce='1573b38be9' rel='nofollow'><img class='wti-pixel' src='https:\/\/www.lycee-valin.fr\/RJVALIN\/wp-content\/plugins\/wti-like-post\/images\/pixel.gif' title='j&#039;aime' \/><span class='lc-412 lc'>0<\/span><\/a><\/div><\/div> <div class='status-412 status align-left'><\/div><\/div><div class='wti-clear'><\/div>","protected":false},"excerpt":{"rendered":"<p>Liens des articles li\u00e9s \u00e0 cette cat\u00e9gorie 0<\/p>\n","protected":false},"author":1,"featured_media":0,"parent":0,"menu_order":0,"comment_status":"closed","ping_status":"closed","template":"","meta":{"footnotes":""},"class_list":["post-412","page","type-page","status-publish","hentry"],"_links":{"self":[{"href":"https:\/\/www.lycee-valin.fr\/RJVALIN\/wp-json\/wp\/v2\/pages\/412","targetHints":{"allow":["GET"]}}],"collection":[{"href":"https:\/\/www.lycee-valin.fr\/RJVALIN\/wp-json\/wp\/v2\/pages"}],"about":[{"href":"https:\/\/www.lycee-valin.fr\/RJVALIN\/wp-json\/wp\/v2\/types\/page"}],"author":[{"embeddable":true,"href":"https:\/\/www.lycee-valin.fr\/RJVALIN\/wp-json\/wp\/v2\/users\/1"}],"replies":[{"embeddable":true,"href":"https:\/\/www.lycee-valin.fr\/RJVALIN\/wp-json\/wp\/v2\/comments?post=412"}],"version-history":[{"count":3,"href":"https:\/\/www.lycee-valin.fr\/RJVALIN\/wp-json\/wp\/v2\/pages\/412\/revisions"}],"predecessor-version":[{"id":4964,"href":"https:\/\/www.lycee-valin.fr\/RJVALIN\/wp-json\/wp\/v2\/pages\/412\/revisions\/4964"}],"wp:attachment":[{"href":"https:\/\/www.lycee-valin.fr\/RJVALIN\/wp-json\/wp\/v2\/media?parent=412"}],"curies":[{"name":"wp","href":"https:\/\/api.w.org\/{rel}","templated":true}]}}

Histoire et Géographie

<hr class="wp-block-separator has-alpha-channel-opacity"/>



<p>Liens des articles liés à cette catégorie</p>


<ul class="wp-block-latest-posts__list has-dates has-author wp-block-latest-posts"><li><a class="wp-block-latest-posts__post-title" href="https://www.lycee-valin.fr/RJVALIN/%f0%9f%8e%99-tetris-ashtag-les-voix-du-lycee-valin-a-la-radio-et-en-podcast/">🎙 TÉTRIS &amp; ASHTAG : les voix du Lycée Valin à la radio et en podcast !</a><div class="wp-block-latest-posts__post-author">par WILFRID GROSSIN</div><time datetime="2025-09-15T09:01:33+02:00" class="wp-block-latest-posts__post-date">15 septembre 2025</time></li>
<li><a class="wp-block-latest-posts__post-title" href="https://www.lycee-valin.fr/RJVALIN/projet-erasmus-les-villes-de-la-hanse-3eme-edition-pour-le-lycee-valin/"> Projet Erasmus + Les villes de La Hanse 3ème édition pour le Lycée Valin !</a><div class="wp-block-latest-posts__post-author">par WILFRID GROSSIN</div><time datetime="2025-06-20T10:09:27+02:00" class="wp-block-latest-posts__post-date">20 juin 2025</time></li>
<li><a class="wp-block-latest-posts__post-title" href="https://www.lycee-valin.fr/RJVALIN/sorienter-avec-la-spe-hggsp/">S&#8217;orienter avec la Spé HGGSP</a><div class="wp-block-latest-posts__post-author">par Jean-Louis Bonnafous</div><time datetime="2023-01-15T21:31:28+01:00" class="wp-block-latest-posts__post-date">15 janvier 2023</time></li>
<li><a class="wp-block-latest-posts__post-title" href="https://www.lycee-valin.fr/RJVALIN/jentre-en-spe-hggsp-premiere/">J&#8217;entre en Spé HGGSP Première</a><div class="wp-block-latest-posts__post-author">par Jean-Louis Bonnafous</div><time datetime="2022-09-28T20:05:18+02:00" class="wp-block-latest-posts__post-date">28 septembre 2022</time></li>
<li><a class="wp-block-latest-posts__post-title" href="https://www.lycee-valin.fr/RJVALIN/dnl-euro-anglais/">DNL Euro anglais</a><div class="wp-block-latest-posts__post-author">par Jocelyne Le-Foll</div><time datetime="2022-08-31T14:26:28+02:00" class="wp-block-latest-posts__post-date">31 août 2022</time></li>
</ul>

<form role="search" method="get" action="https://www.lycee-valin.fr/RJVALIN/" class="wp-block-search__button-outside wp-block-search__icon-button wp-block-search"    ><label class="wp-block-search__label" for="wp-block-search__input-1" >Rechercher un autre article</label><div class="wp-block-search__inside-wrapper" ><input class="wp-block-search__input" id="wp-block-search__input-1" placeholder="" value="" type="search" name="s" required /><button aria-label="Rechercher" class="wp-block-search__button has-icon wp-element-button" type="submit" ><svg class="search-icon" viewBox="0 0 24 24" width="24" height="24">
					<path d="M13 5c-3.3 0-6 2.7-6 6 0 1.4.5 2.7 1.3 3.7l-3.8 3.8 1.1 1.1 3.8-3.8c1 .8 2.3 1.3 3.7 1.3 3.3 0 6-2.7 6-6S16.3 5 13 5zm0 10.5c-2.5 0-4.5-2-4.5-4.5s2-4.5 4.5-4.5 4.5 2 4.5 4.5-2 4.5-4.5 4.5z"></path>
				</svg></button></div></form><div class='watch-action'><div class='watch-position align-left'><div class='action-like'><a class='lbg-style3 like-412 jlk' href='javascript:void(0)' data-task='like' data-post_id='412' data-nonce='1573b38be9' rel='nofollow'><img class='wti-pixel' src='https://www.lycee-valin.fr/RJVALIN/wp-content/plugins/wti-like-post/images/pixel.gif' title='j&#039;aime' /><span class='lc-412 lc'>0</span></a></div></div> <div class='status-412 status align-left'></div></div><div class='wti-clear'></div>

<p>Liens des articles liés à cette catégorie 0</p>
