{"id":253,"date":"2022-05-25T14:10:07","date_gmt":"2022-05-25T12:10:07","guid":{"rendered":"https:\/\/www.lycee-valin.fr\/RJVALIN\/?page_id=253"},"modified":"2025-10-01T14:28:26","modified_gmt":"2025-10-01T12:28:26","slug":"classe-preparatoire-aux-etudes-superieures-classe-dapprofondissement-en-arts-plastiques","status":"publish","type":"page","link":"https:\/\/www.lycee-valin.fr\/RJVALIN\/classe-preparatoire-aux-etudes-superieures-classe-dapprofondissement-en-arts-plastiques\/","title":{"rendered":"Classe Pr\u00e9paratoire aux \u00c9tudes Sup\u00e9rieures Classe d\u2019Approfondissement en Arts Plastiques"},"content":{"rendered":"\n<p><strong>PR\u00c9PARER SON ENTR\u00c9E EN \u00c9COLE D\u2019ART<\/strong><\/p>\n\n\n\n<p>L\u2019acc\u00e8s aux fili\u00e8res de l\u2019enseignement artistique dans les <strong><em>\u00e9coles sup\u00e9rieures d\u2019art et de design <\/em><\/strong>demeurent difficiles pour les jeunes bacheliers. Les attendus \u00e0 l&#8217;entr\u00e9e de ces \u00e9coles s\u00e9lectives sont \u00e9lev\u00e9s et pr\u00e9parer les concours en m\u00eame temps que son baccalaur\u00e9at est une entreprise complexe.<br>La<strong> CPES-CAAP Valin<\/strong> est donc une classe pr\u00e9paratoire publique visant \u00e0 l\u2019excellence, dont l\u2019objectif est de pr\u00e9parer des \u00e9tudiant.es aux concours d\u2019entr\u00e9e dans les \u00e9coles sup\u00e9rieures d\u2019arts et de design publiques\u2026 et d\u2019y r\u00e9ussir leurs \u00e9tudes sur la base d\u2019acquis solides. Elle est ouverte depuis la rentr\u00e9e 2020.<\/p>\n\n\n<div class=\"wp-block-image\">\n<figure class=\"aligncenter size-large\"><img fetchpriority=\"high\" decoding=\"async\" width=\"1024\" height=\"768\" src=\"https:\/\/www.lycee-valin.fr\/RJVALIN\/wp-content\/uploads\/2025\/10\/IMG_20241202_172029-1024x768.jpg\" alt=\"\" class=\"wp-image-7909\" srcset=\"https:\/\/www.lycee-valin.fr\/RJVALIN\/wp-content\/uploads\/2025\/10\/IMG_20241202_172029-1024x768.jpg 1024w, https:\/\/www.lycee-valin.fr\/RJVALIN\/wp-content\/uploads\/2025\/10\/IMG_20241202_172029-300x225.jpg 300w, https:\/\/www.lycee-valin.fr\/RJVALIN\/wp-content\/uploads\/2025\/10\/IMG_20241202_172029-768x576.jpg 768w, https:\/\/www.lycee-valin.fr\/RJVALIN\/wp-content\/uploads\/2025\/10\/IMG_20241202_172029-1536x1152.jpg 1536w, https:\/\/www.lycee-valin.fr\/RJVALIN\/wp-content\/uploads\/2025\/10\/IMG_20241202_172029-2048x1536.jpg 2048w\" sizes=\"(max-width: 1024px) 100vw, 1024px\" \/><figcaption class=\"wp-element-caption\">Un temps de travail dans les ateliers &#8211; chacun y d\u00e9ploie sa propre pratique dans un espace personnel &#8211; promotion 2024-2025<\/figcaption><\/figure>\n<\/div>\n\n\n<p><strong>UNE FORMATION SUR UNE ANN\u00c9E EN APPUI SUR DES PARTENARIATS CULTURELS<\/strong><\/p>\n\n\n\n<p>La formation propose un cursus d\u2019une ann\u00e9e durant laquelle les arts plastiques sont au centre de tous les cours. Il s\u2019agit de mettre \u00e0 niveau, de consolider et d\u2019approfondir les pratiques plastiques (18h\/semaine) mais aussi les connaissances relevant de la culture artistique (10h\/semaine) et g\u00e9n\u00e9rale (9h\/semaine) afin de permettre \u00e0 l\u2019\u00e9tudiant une bonne continuit\u00e9 de ses \u00e9tudes sup\u00e9rieures. Tout au long de la formation, des rencontres, workshops, conf\u00e9rences avec les artistes et les acteurs du monde de l\u2019art viennent irriguer le parcours de l\u2019\u00e9tudiant.<\/p>\n\n\n<div class=\"wp-block-image\">\n<figure class=\"aligncenter size-large\"><img decoding=\"async\" width=\"1024\" height=\"768\" src=\"https:\/\/www.lycee-valin.fr\/RJVALIN\/wp-content\/uploads\/2023\/01\/20221117_160909-1024x768.jpg\" alt=\"\" class=\"wp-image-3426\" srcset=\"https:\/\/www.lycee-valin.fr\/RJVALIN\/wp-content\/uploads\/2023\/01\/20221117_160909-1024x768.jpg 1024w, https:\/\/www.lycee-valin.fr\/RJVALIN\/wp-content\/uploads\/2023\/01\/20221117_160909-300x225.jpg 300w, https:\/\/www.lycee-valin.fr\/RJVALIN\/wp-content\/uploads\/2023\/01\/20221117_160909-768x576.jpg 768w, https:\/\/www.lycee-valin.fr\/RJVALIN\/wp-content\/uploads\/2023\/01\/20221117_160909-1536x1152.jpg 1536w, https:\/\/www.lycee-valin.fr\/RJVALIN\/wp-content\/uploads\/2023\/01\/20221117_160909-2048x1536.jpg 2048w\" sizes=\"(max-width: 1024px) 100vw, 1024px\" \/><figcaption class=\"wp-element-caption\">montage d&#8217;une exposition des \u00e9tudiant.es \u00e0 la Galerie Bletterie<\/figcaption><\/figure>\n<\/div>\n\n\n<p><strong>UN STATUT D\u2019\u00c9TUDIANT<\/strong><\/p>\n\n\n\n<p>L\u2019\u00e9tudiant est accompagn\u00e9 dans sa d\u00e9marche de cr\u00e9ation et dans son projet d\u2019orientation afin de pr\u00e9parer les concours d\u2019entr\u00e9e dans les \u00e9coles sup\u00e9rieures d\u2019art. Il b\u00e9n\u00e9ficie du statut \u00e9tudiant (CROUS, Acc\u00e8s aux biblioth\u00e8ques universitaires, s\u00e9curit\u00e9 sociale\u2026). L\u2019ann\u00e9e de CPES-CAAP est <strong>valid\u00e9e par 60 ECTS<\/strong> reconnus par l\u2019Universit\u00e9 d\u2019arts plastiques Michel de Montaigne Bordeaux III. A l\u2019issue de cette ann\u00e9e, l\u2019\u00e9tudiant a donc valid\u00e9 une \u00e9quivalence universitaire L1 et peut choisir de faire sa rentr\u00e9e prochaine en L2 en arts plastiques \u00e0 l&#8217;Universit\u00e9 Bordeaux Montaigne.<\/p>\n\n\n\n<figure class=\"wp-block-image size-large\"><img decoding=\"async\" width=\"1024\" height=\"707\" src=\"https:\/\/www.lycee-valin.fr\/RJVALIN\/wp-content\/uploads\/2023\/01\/20221110_081111-1024x707.jpg\" alt=\"\" class=\"wp-image-3424\" srcset=\"https:\/\/www.lycee-valin.fr\/RJVALIN\/wp-content\/uploads\/2023\/01\/20221110_081111-1024x707.jpg 1024w, https:\/\/www.lycee-valin.fr\/RJVALIN\/wp-content\/uploads\/2023\/01\/20221110_081111-300x207.jpg 300w, https:\/\/www.lycee-valin.fr\/RJVALIN\/wp-content\/uploads\/2023\/01\/20221110_081111-768x531.jpg 768w, https:\/\/www.lycee-valin.fr\/RJVALIN\/wp-content\/uploads\/2023\/01\/20221110_081111-1536x1061.jpg 1536w, https:\/\/www.lycee-valin.fr\/RJVALIN\/wp-content\/uploads\/2023\/01\/20221110_081111-2048x1415.jpg 2048w\" sizes=\"(max-width: 1024px) 100vw, 1024px\" \/><figcaption class=\"wp-element-caption\">vue d&#8217;atelier 2022<\/figcaption><\/figure>\n\n\n\n<p><strong>CANDIDATURES<\/strong><\/p>\n\n\n\n<p>Accessible via PARCOURSUP, les candidats joignent un dossier (au format .pdf) compos\u00e9 de 7 productions plastiques num\u00e9ris\u00e9es qui peuvent \u00eatre de tout ordre&nbsp;: dessins, peintures, photographies, performances, liens vers des vid\u00e9os h\u00e9berg\u00e9es sur Vim\u00e9o, Youtube, etc.&nbsp;; accompagn\u00e9es d\u2019un court texte d\u2019intention ainsi que leur projet de formation motiv\u00e9. S\u2019il est pr\u00e9s\u00e9lectionn\u00e9, il sera convi\u00e9 \u00e0 un entretien oral qui aura lieu au mois de mai en visioconf\u00e9rence, durant lequel il pr\u00e9sentera son portfolio et fera \u00e9tat de ses motivations.<\/p>\n\n\n\n<figure class=\"wp-block-image size-large\"><img loading=\"lazy\" decoding=\"async\" width=\"1024\" height=\"768\" src=\"https:\/\/www.lycee-valin.fr\/RJVALIN\/wp-content\/uploads\/2023\/01\/20221013_110808-1024x768.jpg\" alt=\"\" class=\"wp-image-3425\" srcset=\"https:\/\/www.lycee-valin.fr\/RJVALIN\/wp-content\/uploads\/2023\/01\/20221013_110808-1024x768.jpg 1024w, https:\/\/www.lycee-valin.fr\/RJVALIN\/wp-content\/uploads\/2023\/01\/20221013_110808-300x225.jpg 300w, https:\/\/www.lycee-valin.fr\/RJVALIN\/wp-content\/uploads\/2023\/01\/20221013_110808-768x576.jpg 768w, https:\/\/www.lycee-valin.fr\/RJVALIN\/wp-content\/uploads\/2023\/01\/20221013_110808-1536x1152.jpg 1536w, https:\/\/www.lycee-valin.fr\/RJVALIN\/wp-content\/uploads\/2023\/01\/20221013_110808-2048x1536.jpg 2048w\" sizes=\"(max-width: 1024px) 100vw, 1024px\" \/><figcaption class=\"wp-element-caption\">s\u00e9ance de mod\u00e8le vivant au Carr\u00e9 Amelot<\/figcaption><\/figure>\n\n\n\n<hr class=\"wp-block-separator has-alpha-channel-opacity\" \/>\n\n\n\n<p>Liens des articles li\u00e9s \u00e0 cette cat\u00e9gorie<\/p>\n\n\n<ul class=\"wp-block-latest-posts__list has-dates has-author wp-block-latest-posts\"><li><a class=\"wp-block-latest-posts__post-title\" href=\"https:\/\/www.lycee-valin.fr\/RJVALIN\/workshop-archeologie-du-present-chloe-petitjean\/\">Workshop &#8220;Arch\u00e9ologie du pr\u00e9sent&#8221; Chlo\u00e9 Petitjean<\/a><div class=\"wp-block-latest-posts__post-author\">par Stephanie Catherine-Duchemin<\/div><time datetime=\"2026-03-18T17:27:50+01:00\" class=\"wp-block-latest-posts__post-date\">18 mars 2026<\/time><\/li>\n<li><a class=\"wp-block-latest-posts__post-title\" href=\"https:\/\/www.lycee-valin.fr\/RJVALIN\/classe-prepa-rencontre-avec-lartiste-maeva-ferreira-da-costa-a-la-maison-des-ecritures\/\">Classe pr\u00e9pa : Rencontre avec l&#8217;artiste Ma\u00ebva Ferreira Da Costa \u00e0 la maison des \u00e9critures<\/a><div class=\"wp-block-latest-posts__post-author\">par ronan marec<\/div><time datetime=\"2026-01-04T11:27:21+01:00\" class=\"wp-block-latest-posts__post-date\">4 janvier 2026<\/time><\/li>\n<li><a class=\"wp-block-latest-posts__post-title\" href=\"https:\/\/www.lycee-valin.fr\/RJVALIN\/leau-et-le-diamant-exposition\/\">L&#8217;Eau et le Diamant &#8211;  exposition<\/a><div class=\"wp-block-latest-posts__post-author\">par ronan marec<\/div><time datetime=\"2026-01-02T18:22:20+01:00\" class=\"wp-block-latest-posts__post-date\">2 janvier 2026<\/time><\/li>\n<li><a class=\"wp-block-latest-posts__post-title\" href=\"https:\/\/www.lycee-valin.fr\/RJVALIN\/jpo-post-bac-bts-mecp-bts-bioalc-cpes-caap\/\">JPO Post-bac : BTS MECP \/ BTS BIOALC \/ CPES CAAP<\/a><div class=\"wp-block-latest-posts__post-author\">par Charlotte DAVID<\/div><time datetime=\"2025-10-13T17:29:00+02:00\" class=\"wp-block-latest-posts__post-date\">13 octobre 2025<\/time><\/li>\n<li><a class=\"wp-block-latest-posts__post-title\" href=\"https:\/\/www.lycee-valin.fr\/RJVALIN\/de-la-fecondite-des-ruines-retour-sur-lexposition-a-lhotel-de-craon-la-rochelle\/\">De la f\u00e9condit\u00e9 des ruines &#8211; retour sur l&#8217;exposition \u00e0 ,l&#8217;H\u00f4tel de Craon, La Rochelle<\/a><div class=\"wp-block-latest-posts__post-author\">par ronan marec<\/div><time datetime=\"2025-10-04T19:10:44+02:00\" class=\"wp-block-latest-posts__post-date\">4 octobre 2025<\/time><\/li>\n<\/ul>\n\n<form role=\"search\" method=\"get\" action=\"https:\/\/www.lycee-valin.fr\/RJVALIN\/\" class=\"wp-block-search__button-outside wp-block-search__icon-button wp-block-search\"    ><label class=\"wp-block-search__label\" for=\"wp-block-search__input-1\" >Rechercher un autre article<\/label><div class=\"wp-block-search__inside-wrapper\" ><input class=\"wp-block-search__input\" id=\"wp-block-search__input-1\" placeholder=\"\" value=\"\" type=\"search\" name=\"s\" required \/><button aria-label=\"Rechercher\" class=\"wp-block-search__button has-icon wp-element-button\" type=\"submit\" ><svg class=\"search-icon\" viewBox=\"0 0 24 24\" width=\"24\" height=\"24\">\n\t\t\t\t\t<path d=\"M13 5c-3.3 0-6 2.7-6 6 0 1.4.5 2.7 1.3 3.7l-3.8 3.8 1.1 1.1 3.8-3.8c1 .8 2.3 1.3 3.7 1.3 3.3 0 6-2.7 6-6S16.3 5 13 5zm0 10.5c-2.5 0-4.5-2-4.5-4.5s2-4.5 4.5-4.5 4.5 2 4.5 4.5-2 4.5-4.5 4.5z\"><\/path>\n\t\t\t\t<\/svg><\/button><\/div><\/form><div class='watch-action'><div class='watch-position align-left'><div class='action-like'><a class='lbg-style3 like-253 jlk' href='javascript:void(0)' data-task='like' data-post_id='253' data-nonce='8c72c58970' rel='nofollow'><img class='wti-pixel' src='https:\/\/www.lycee-valin.fr\/RJVALIN\/wp-content\/plugins\/wti-like-post\/images\/pixel.gif' title='j&#039;aime' \/><span class='lc-253 lc'>0<\/span><\/a><\/div><\/div> <div class='status-253 status align-left'><\/div><\/div><div class='wti-clear'><\/div>","protected":false},"excerpt":{"rendered":"<p>PR\u00c9PARER SON ENTR\u00c9E EN \u00c9COLE D\u2019ART L\u2019acc\u00e8s aux fili\u00e8res de l\u2019enseignement artistique dans les \u00e9coles sup\u00e9rieures d\u2019art et de design demeurent difficiles pour les jeunes bacheliers. Les attendus \u00e0 l&#8217;entr\u00e9e de ces \u00e9coles s\u00e9lectives sont <a class=\"more-link\" href=\"https:\/\/www.lycee-valin.fr\/RJVALIN\/classe-preparatoire-aux-etudes-superieures-classe-dapprofondissement-en-arts-plastiques\/\">Lire plus &#8230;<\/a><\/p>\n","protected":false},"author":16,"featured_media":3422,"parent":0,"menu_order":0,"comment_status":"closed","ping_status":"closed","template":"","meta":{"footnotes":""},"class_list":["post-253","page","type-page","status-publish","has-post-thumbnail","hentry"],"_links":{"self":[{"href":"https:\/\/www.lycee-valin.fr\/RJVALIN\/wp-json\/wp\/v2\/pages\/253","targetHints":{"allow":["GET"]}}],"collection":[{"href":"https:\/\/www.lycee-valin.fr\/RJVALIN\/wp-json\/wp\/v2\/pages"}],"about":[{"href":"https:\/\/www.lycee-valin.fr\/RJVALIN\/wp-json\/wp\/v2\/types\/page"}],"author":[{"embeddable":true,"href":"https:\/\/www.lycee-valin.fr\/RJVALIN\/wp-json\/wp\/v2\/users\/16"}],"replies":[{"embeddable":true,"href":"https:\/\/www.lycee-valin.fr\/RJVALIN\/wp-json\/wp\/v2\/comments?post=253"}],"version-history":[{"count":8,"href":"https:\/\/www.lycee-valin.fr\/RJVALIN\/wp-json\/wp\/v2\/pages\/253\/revisions"}],"predecessor-version":[{"id":7913,"href":"https:\/\/www.lycee-valin.fr\/RJVALIN\/wp-json\/wp\/v2\/pages\/253\/revisions\/7913"}],"wp:featuredmedia":[{"embeddable":true,"href":"https:\/\/www.lycee-valin.fr\/RJVALIN\/wp-json\/wp\/v2\/media\/3422"}],"wp:attachment":[{"href":"https:\/\/www.lycee-valin.fr\/RJVALIN\/wp-json\/wp\/v2\/media?parent=253"}],"curies":[{"name":"wp","href":"https:\/\/api.w.org\/{rel}","templated":true}]}}