{"id":1789,"date":"2022-06-29T15:13:12","date_gmt":"2022-06-29T13:13:12","guid":{"rendered":"https:\/\/www.lycee-valin.fr\/RJVALIN\/?page_id=1789"},"modified":"2022-06-29T15:13:13","modified_gmt":"2022-06-29T13:13:13","slug":"la-rentree-des-eleves-et-etudiants-2002-2023","status":"publish","type":"page","link":"https:\/\/www.lycee-valin.fr\/RJVALIN\/la-rentree-des-eleves-et-etudiants-2002-2023\/","title":{"rendered":"La rentr\u00e9e des \u00e9l\u00e8ves et \u00e9tudiants 2002\/2023"},"content":{"rendered":"\n<div data-wp-interactive=\"core\/file\" class=\"wp-block-file\"><object data-wp-bind--hidden=\"!state.hasPdfPreview\" hidden class=\"wp-block-file__embed\" data=\"https:\/\/www.lycee-valin.fr\/RJVALIN\/wp-content\/uploads\/2022\/06\/5-rentree-des-eleves-2022-2023dates-2.pdf\" type=\"application\/pdf\" style=\"width:100%;height:770px\" aria-label=\"Contenu embarqu\u00e9 Contenu embarqu\u00e9 5-rentree-des-eleves-2022-2023dates-2..\"><\/object><a id=\"wp-block-file--media-5b08e621-bf59-4f29-bcbf-59127d1dd8b8\" href=\"https:\/\/www.lycee-valin.fr\/RJVALIN\/wp-content\/uploads\/2022\/06\/5-rentree-des-eleves-2022-2023dates-2.pdf\">5-rentree-des-eleves-2022-2023dates-2<\/a><a href=\"https:\/\/www.lycee-valin.fr\/RJVALIN\/wp-content\/uploads\/2022\/06\/5-rentree-des-eleves-2022-2023dates-2.pdf\" class=\"wp-block-file__button\" download aria-describedby=\"wp-block-file--media-5b08e621-bf59-4f29-bcbf-59127d1dd8b8\">T\u00e9l\u00e9charger<\/a><\/div>\n\n\n\n<p><strong>Accueil du public \u00e0 partir du Jeudi 25 Ao\u00fbt 2022 \u00e0 14h. <\/strong><\/p>\n<div class='watch-action'><div class='watch-position align-left'><div class='action-like'><a class='lbg-style3 like-1789 jlk' href='javascript:void(0)' data-task='like' data-post_id='1789' data-nonce='ad77b67104' rel='nofollow'><img class='wti-pixel' src='https:\/\/www.lycee-valin.fr\/RJVALIN\/wp-content\/plugins\/wti-like-post\/images\/pixel.gif' title='j&#039;aime' \/><span class='lc-1789 lc'>0<\/span><\/a><\/div><\/div> <div class='status-1789 status align-left'><\/div><\/div><div class='wti-clear'><\/div>","protected":false},"excerpt":{"rendered":"<p>Accueil du public \u00e0 partir du Jeudi 25 Ao\u00fbt 2022 \u00e0 14h. 0<\/p>\n","protected":false},"author":1,"featured_media":1777,"parent":0,"menu_order":0,"comment_status":"closed","ping_status":"closed","template":"","meta":{"footnotes":""},"class_list":["post-1789","page","type-page","status-publish","has-post-thumbnail","hentry"],"_links":{"self":[{"href":"https:\/\/www.lycee-valin.fr\/RJVALIN\/wp-json\/wp\/v2\/pages\/1789","targetHints":{"allow":["GET"]}}],"collection":[{"href":"https:\/\/www.lycee-valin.fr\/RJVALIN\/wp-json\/wp\/v2\/pages"}],"about":[{"href":"https:\/\/www.lycee-valin.fr\/RJVALIN\/wp-json\/wp\/v2\/types\/page"}],"author":[{"embeddable":true,"href":"https:\/\/www.lycee-valin.fr\/RJVALIN\/wp-json\/wp\/v2\/users\/1"}],"replies":[{"embeddable":true,"href":"https:\/\/www.lycee-valin.fr\/RJVALIN\/wp-json\/wp\/v2\/comments?post=1789"}],"version-history":[{"count":1,"href":"https:\/\/www.lycee-valin.fr\/RJVALIN\/wp-json\/wp\/v2\/pages\/1789\/revisions"}],"predecessor-version":[{"id":1791,"href":"https:\/\/www.lycee-valin.fr\/RJVALIN\/wp-json\/wp\/v2\/pages\/1789\/revisions\/1791"}],"wp:featuredmedia":[{"embeddable":true,"href":"https:\/\/www.lycee-valin.fr\/RJVALIN\/wp-json\/wp\/v2\/media\/1777"}],"wp:attachment":[{"href":"https:\/\/www.lycee-valin.fr\/RJVALIN\/wp-json\/wp\/v2\/media?parent=1789"}],"curies":[{"name":"wp","href":"https:\/\/api.w.org\/{rel}","templated":true}]}}

La rentrée des élèves et étudiants 2002/2023

<div data-wp-interactive="core/file" class="wp-block-file"><object data-wp-bind--hidden="!state.hasPdfPreview" hidden class="wp-block-file__embed" data="https://www.lycee-valin.fr/RJVALIN/wp-content/uploads/2022/06/5-rentree-des-eleves-2022-2023dates-2.pdf" type="application/pdf" style="width:100%;height:770px" aria-label="Contenu embarqué Contenu embarqué 5-rentree-des-eleves-2022-2023dates-2.."></object><a id="wp-block-file--media-5b08e621-bf59-4f29-bcbf-59127d1dd8b8" href="https://www.lycee-valin.fr/RJVALIN/wp-content/uploads/2022/06/5-rentree-des-eleves-2022-2023dates-2.pdf">5-rentree-des-eleves-2022-2023dates-2</a><a href="https://www.lycee-valin.fr/RJVALIN/wp-content/uploads/2022/06/5-rentree-des-eleves-2022-2023dates-2.pdf" class="wp-block-file__button" download aria-describedby="wp-block-file--media-5b08e621-bf59-4f29-bcbf-59127d1dd8b8">Télécharger</a></div>



<p><strong>Accueil du public à partir du Jeudi 25 Août 2022 à 14h. </strong></p>
<div class='watch-action'><div class='watch-position align-left'><div class='action-like'><a class='lbg-style3 like-1789 jlk' href='javascript:void(0)' data-task='like' data-post_id='1789' data-nonce='ad77b67104' rel='nofollow'><img class='wti-pixel' src='https://www.lycee-valin.fr/RJVALIN/wp-content/plugins/wti-like-post/images/pixel.gif' title='j&#039;aime' /><span class='lc-1789 lc'>0</span></a></div></div> <div class='status-1789 status align-left'></div></div><div class='wti-clear'></div>

<p>Accueil du public à partir du Jeudi 25 Août 2022 à 14h. 0</p>
