{"id":176,"date":"2022-05-25T13:26:14","date_gmt":"2022-05-25T11:26:14","guid":{"rendered":"https:\/\/www.lycee-valin.fr\/RJVALIN\/?page_id=176"},"modified":"2023-07-14T04:54:15","modified_gmt":"2023-07-14T02:54:15","slug":"les-enseignements-de-specialite","status":"publish","type":"page","link":"https:\/\/www.lycee-valin.fr\/RJVALIN\/les-enseignements-de-specialite\/","title":{"rendered":"AMC (Anglais Monde Contemporain )"},"content":{"rendered":"\n<hr class=\"wp-block-separator has-alpha-channel-opacity\"\/>\n\n\n\n<figure class=\"wp-block-image size-full\"><img fetchpriority=\"high\" decoding=\"async\" width=\"500\" height=\"246\" src=\"https:\/\/www.lycee-valin.fr\/RJVALIN\/wp-content\/uploads\/2023\/03\/anglophonie.png\" alt=\"\" class=\"wp-image-4508\" srcset=\"https:\/\/www.lycee-valin.fr\/RJVALIN\/wp-content\/uploads\/2023\/03\/anglophonie.png 500w, https:\/\/www.lycee-valin.fr\/RJVALIN\/wp-content\/uploads\/2023\/03\/anglophonie-300x148.png 300w\" sizes=\"(max-width: 500px) 100vw, 500px\" \/><\/figure>\n\n\n\n<hr class=\"wp-block-separator has-alpha-channel-opacity\"\/>\n\n\n\n<p>L\u2019enseignement de sp\u00e9cialit\u00e9 Anglais, monde contemporain vise \u00e0 sensibiliser les \u00e9l\u00e8ves \u00e0 la diversit\u00e9 des soci\u00e9t\u00e9s et des cultures du monde anglophone.<\/p>\n\n\n\n<p>Cet enseignement se donne pour objectif d\u2019analyser quelques grands enjeux soci\u00e9taux, \u00e9conomiques, politiques, g\u00e9opolitiques, culturels, scientifiques et techniques du monde anglophone contemporain, en partant de questions actuelles et en les resituant dans leur contexte historique afin de donner aux \u00e9l\u00e8ves les rep\u00e8res et les cl\u00e9s de compr\u00e9hension indispensables. Il prend appui, pour aborder des questions contemporaines du monde anglophone, sur une grande vari\u00e9t\u00e9 de supports : presse \u00e9crite et audiovisuelle, sites d\u2019information en ligne, extraits de publications scientifiques, discours, documents iconographiques, cartographiques, statistiques, films, s\u00e9ries t\u00e9l\u00e9vis\u00e9es, documentaires, repr\u00e9sentations artistiques, etc.<\/p>\n\n\n\n<p>Il contribue au d\u00e9veloppement des comp\u00e9tences de lecture des \u00e9l\u00e8ves, de leur sens critique, de leur esprit d\u2019analyse et de leur autonomie, ainsi qu\u2019\u00e0 la ma\u00eetrise de la langue dans des contextes usuels, des situations de communication n\u00e9cessitant une connaissance suffisante des enjeux et des nuances entre les diff\u00e9rentes r\u00e9gions qui composent le monde anglophone.<\/p>\n\n\n\n<p><strong>Est-ce qu\u2019il faut avoir un bon niveau d\u2019anglais pour faire AMC?<\/strong><\/p>\n\n\n\n<p>Oui, il faut avoir un bon niveau g\u00e9n\u00e9ral pour pouvoir suivre les cours, bien comprendre les documents \u00e9crits et audios, et r\u00e9aliser les \u00e9valuations. Des bonnes bases dans la langue sont essentielles mais il n\u2019est pas n\u00e9cessaire d\u2019\u00eatre excellent en anglais. Il faut vouloir parler en anglais et consolider les connaissances de cette langue aussi bien \u00e0 l\u2019oral qu\u2019\u00e0 l\u2019\u00e9crit.<\/p>\n\n\n\n<p><strong>Est-ce que l\u2019on peut faire LLCE et AMC&nbsp;?<\/strong><\/p>\n\n\n\n<p>Non. Il n\u2019est pas possible de faire les deux sp\u00e9cialit\u00e9s.<\/p>\n\n\n\n<p><strong>Est-il possible de garder l\u2019option Section Euro si l\u2019on choisit la sp\u00e9cialit\u00e9 AMC?<\/strong><\/p>\n\n\n\n<p>Oui. Les cours d\u2019Histoire\/G\u00e9ographie en Section Europ\u00e9enne repr\u00e9sentent une option facultative et peuvent \u00eatre suivis en plus de la sp\u00e9cialit\u00e9 AMC, comme les autres sp\u00e9cialit\u00e9s du nouveau baccalaur\u00e9at.<\/p>\n\n\n\n<p><strong>Quelle est la diff\u00e9rence entre LLCE et AMC&nbsp;?<\/strong><\/p>\n\n\n\n<p>la LLCE se consacre \u00e0 l&#8217;\u00e9tude des des&nbsp;enjeux litt\u00e9raires, artistiques, soci\u00e9taux et culturels des pays anglophones, en \u00e9tudiant&nbsp; des livres, des films, mais aussi des&nbsp;\u0153uvres&nbsp;picturales, photographiques..<\/p>\n\n\n\n<p>En AMC, on n\u2019\u00e9tudie pas de documents \u00e9crits fictifs mais les films peuvent \u00eatre \u00e9tudi\u00e9s pour illustrer les th\u00e9matiques de cette sp\u00e9cialit\u00e9.<\/p>\n\n\n\n<hr class=\"wp-block-separator has-alpha-channel-opacity\"\/>\n\n\n\n<p>Liens des articles li\u00e9s \u00e0 cette cat\u00e9gorie<\/p>\n\n\n<ul class=\"wp-block-latest-posts__list has-dates has-author wp-block-latest-posts\"><li><a class=\"wp-block-latest-posts__post-title\" href=\"https:\/\/www.lycee-valin.fr\/RJVALIN\/echange-franco-americain-au-lycee-valin\/\">\u00c9change franco-am\u00e9ricain au lyc\u00e9e Valin<\/a><div class=\"wp-block-latest-posts__post-author\">par admin<\/div><time datetime=\"2023-06-29T02:09:00+02:00\" class=\"wp-block-latest-posts__post-date\">29 juin 2023<\/time><\/li>\n<li><a class=\"wp-block-latest-posts__post-title\" href=\"https:\/\/www.lycee-valin.fr\/RJVALIN\/rencontre-joute-de-traduction-en-presence-de-lautrice-britannique-jeni-whittaker-avec-des-eleves-de-terminales-generales\/\">Rencontre &#8220;Joute de traduction&#8221; en pr\u00e9sence de l\u2019autrice britannique Jeni Whittaker avec des \u00e9l\u00e8ves de Terminale en anglais<\/a><div class=\"wp-block-latest-posts__post-author\">par WILFRID GROSSIN<\/div><time datetime=\"2023-06-11T13:42:40+02:00\" class=\"wp-block-latest-posts__post-date\">11 juin 2023<\/time><\/li>\n<li><a class=\"wp-block-latest-posts__post-title\" href=\"https:\/\/www.lycee-valin.fr\/RJVALIN\/les-euros-anglais-a-londres\/\">Les euros anglais \u00e0 Londres<\/a><div class=\"wp-block-latest-posts__post-author\">par Jocelyne Le-Foll<\/div><time datetime=\"2023-01-23T17:30:03+01:00\" class=\"wp-block-latest-posts__post-date\">23 janvier 2023<\/time><\/li>\n<li><a class=\"wp-block-latest-posts__post-title\" href=\"https:\/\/www.lycee-valin.fr\/RJVALIN\/langlais-en-classe-de-seconde-au-lycee-valin\/\">L&#8217;anglais en classe de Seconde au Lyc\u00e9e Valin.<\/a><div class=\"wp-block-latest-posts__post-author\">par Mairead Fraire<\/div><time datetime=\"2022-11-24T15:13:59+01:00\" class=\"wp-block-latest-posts__post-date\">24 novembre 2022<\/time><\/li>\n<li><a class=\"wp-block-latest-posts__post-title\" href=\"https:\/\/www.lycee-valin.fr\/RJVALIN\/job-fair\/\">JOB FAIR<\/a><div class=\"wp-block-latest-posts__post-author\">par Alexandre Alder<\/div><time datetime=\"2022-11-23T20:35:07+01:00\" class=\"wp-block-latest-posts__post-date\">23 novembre 2022<\/time><\/li>\n<\/ul>\n\n<form role=\"search\" method=\"get\" action=\"https:\/\/www.lycee-valin.fr\/RJVALIN\/\" class=\"wp-block-search__button-outside wp-block-search__icon-button wp-block-search\"    ><label class=\"wp-block-search__label\" for=\"wp-block-search__input-1\" >Rechercher un autre article<\/label><div class=\"wp-block-search__inside-wrapper\" ><input class=\"wp-block-search__input\" id=\"wp-block-search__input-1\" placeholder=\"\" value=\"\" type=\"search\" name=\"s\" required \/><button aria-label=\"Rechercher\" class=\"wp-block-search__button has-icon wp-element-button\" type=\"submit\" ><svg class=\"search-icon\" viewBox=\"0 0 24 24\" width=\"24\" height=\"24\">\n\t\t\t\t\t<path d=\"M13 5c-3.3 0-6 2.7-6 6 0 1.4.5 2.7 1.3 3.7l-3.8 3.8 1.1 1.1 3.8-3.8c1 .8 2.3 1.3 3.7 1.3 3.3 0 6-2.7 6-6S16.3 5 13 5zm0 10.5c-2.5 0-4.5-2-4.5-4.5s2-4.5 4.5-4.5 4.5 2 4.5 4.5-2 4.5-4.5 4.5z\"><\/path>\n\t\t\t\t<\/svg><\/button><\/div><\/form><div class='watch-action'><div class='watch-position align-left'><div class='action-like'><a class='lbg-style3 like-176 jlk' href='javascript:void(0)' data-task='like' data-post_id='176' data-nonce='a58e9a3d12' rel='nofollow'><img class='wti-pixel' src='https:\/\/www.lycee-valin.fr\/RJVALIN\/wp-content\/plugins\/wti-like-post\/images\/pixel.gif' title='j&#039;aime' \/><span class='lc-176 lc'>0<\/span><\/a><\/div><\/div> <div class='status-176 status align-left'><\/div><\/div><div class='wti-clear'><\/div>","protected":false},"excerpt":{"rendered":"<p>L\u2019enseignement de sp\u00e9cialit\u00e9 Anglais, monde contemporain vise \u00e0 sensibiliser les \u00e9l\u00e8ves \u00e0 la diversit\u00e9 des soci\u00e9t\u00e9s et des cultures du monde anglophone. Cet enseignement se donne pour objectif d\u2019analyser quelques grands enjeux soci\u00e9taux, \u00e9conomiques, politiques, <a class=\"more-link\" href=\"https:\/\/www.lycee-valin.fr\/RJVALIN\/les-enseignements-de-specialite\/\">Lire plus &#8230;<\/a><\/p>\n","protected":false},"author":5,"featured_media":0,"parent":0,"menu_order":0,"comment_status":"closed","ping_status":"closed","template":"","meta":{"footnotes":""},"class_list":["post-176","page","type-page","status-publish","hentry"],"_links":{"self":[{"href":"https:\/\/www.lycee-valin.fr\/RJVALIN\/wp-json\/wp\/v2\/pages\/176","targetHints":{"allow":["GET"]}}],"collection":[{"href":"https:\/\/www.lycee-valin.fr\/RJVALIN\/wp-json\/wp\/v2\/pages"}],"about":[{"href":"https:\/\/www.lycee-valin.fr\/RJVALIN\/wp-json\/wp\/v2\/types\/page"}],"author":[{"embeddable":true,"href":"https:\/\/www.lycee-valin.fr\/RJVALIN\/wp-json\/wp\/v2\/users\/5"}],"replies":[{"embeddable":true,"href":"https:\/\/www.lycee-valin.fr\/RJVALIN\/wp-json\/wp\/v2\/comments?post=176"}],"version-history":[{"count":7,"href":"https:\/\/www.lycee-valin.fr\/RJVALIN\/wp-json\/wp\/v2\/pages\/176\/revisions"}],"predecessor-version":[{"id":4977,"href":"https:\/\/www.lycee-valin.fr\/RJVALIN\/wp-json\/wp\/v2\/pages\/176\/revisions\/4977"}],"wp:attachment":[{"href":"https:\/\/www.lycee-valin.fr\/RJVALIN\/wp-json\/wp\/v2\/media?parent=176"}],"curies":[{"name":"wp","href":"https:\/\/api.w.org\/{rel}","templated":true}]}}

<hr class="wp-block-separator has-alpha-channel-opacity"/>



<figure class="wp-block-image size-full"><img fetchpriority="high" decoding="async" width="500" height="246" src="https://www.lycee-valin.fr/RJVALIN/wp-content/uploads/2023/03/anglophonie.png" alt="" class="wp-image-4508" srcset="https://www.lycee-valin.fr/RJVALIN/wp-content/uploads/2023/03/anglophonie.png 500w, https://www.lycee-valin.fr/RJVALIN/wp-content/uploads/2023/03/anglophonie-300x148.png 300w" sizes="(max-width: 500px) 100vw, 500px" /></figure>



<hr class="wp-block-separator has-alpha-channel-opacity"/>



<p>L’enseignement de spécialité Anglais, monde contemporain vise à sensibiliser les élèves à la diversité des sociétés et des cultures du monde anglophone.</p>



<p>Cet enseignement se donne pour objectif d’analyser quelques grands enjeux sociétaux, économiques, politiques, géopolitiques, culturels, scientifiques et techniques du monde anglophone contemporain, en partant de questions actuelles et en les resituant dans leur contexte historique afin de donner aux élèves les repères et les clés de compréhension indispensables. Il prend appui, pour aborder des questions contemporaines du monde anglophone, sur une grande variété de supports : presse écrite et audiovisuelle, sites d’information en ligne, extraits de publications scientifiques, discours, documents iconographiques, cartographiques, statistiques, films, séries télévisées, documentaires, représentations artistiques, etc.</p>



<p>Il contribue au développement des compétences de lecture des élèves, de leur sens critique, de leur esprit d’analyse et de leur autonomie, ainsi qu’à la maîtrise de la langue dans des contextes usuels, des situations de communication nécessitant une connaissance suffisante des enjeux et des nuances entre les différentes régions qui composent le monde anglophone.</p>



<p><strong>Est-ce qu’il faut avoir un bon niveau d’anglais pour faire AMC?</strong></p>



<p>Oui, il faut avoir un bon niveau général pour pouvoir suivre les cours, bien comprendre les documents écrits et audios, et réaliser les évaluations. Des bonnes bases dans la langue sont essentielles mais il n’est pas nécessaire d’être excellent en anglais. Il faut vouloir parler en anglais et consolider les connaissances de cette langue aussi bien à l’oral qu’à l’écrit.</p>



<p><strong>Est-ce que l’on peut faire LLCE et AMC&nbsp;?</strong></p>



<p>Non. Il n’est pas possible de faire les deux spécialités.</p>



<p><strong>Est-il possible de garder l’option Section Euro si l’on choisit la spécialité AMC?</strong></p>



<p>Oui. Les cours d’Histoire/Géographie en Section Européenne représentent une option facultative et peuvent être suivis en plus de la spécialité AMC, comme les autres spécialités du nouveau baccalauréat.</p>



<p><strong>Quelle est la différence entre LLCE et AMC&nbsp;?</strong></p>



<p>la LLCE se consacre à l&#8217;étude des des&nbsp;enjeux littéraires, artistiques, sociétaux et culturels des pays anglophones, en étudiant&nbsp; des livres, des films, mais aussi des&nbsp;œuvres&nbsp;picturales, photographiques..</p>



<p>En AMC, on n’étudie pas de documents écrits fictifs mais les films peuvent être étudiés pour illustrer les thématiques de cette spécialité.</p>



<hr class="wp-block-separator has-alpha-channel-opacity"/>



<p>Liens des articles liés à cette catégorie</p>


<ul class="wp-block-latest-posts__list has-dates has-author wp-block-latest-posts"><li><a class="wp-block-latest-posts__post-title" href="https://www.lycee-valin.fr/RJVALIN/echange-franco-americain-au-lycee-valin/">Échange franco-américain au lycée Valin</a><div class="wp-block-latest-posts__post-author">par admin</div><time datetime="2023-06-29T02:09:00+02:00" class="wp-block-latest-posts__post-date">29 juin 2023</time></li>
<li><a class="wp-block-latest-posts__post-title" href="https://www.lycee-valin.fr/RJVALIN/rencontre-joute-de-traduction-en-presence-de-lautrice-britannique-jeni-whittaker-avec-des-eleves-de-terminales-generales/">Rencontre &#8220;Joute de traduction&#8221; en présence de l’autrice britannique Jeni Whittaker avec des élèves de Terminale en anglais</a><div class="wp-block-latest-posts__post-author">par WILFRID GROSSIN</div><time datetime="2023-06-11T13:42:40+02:00" class="wp-block-latest-posts__post-date">11 juin 2023</time></li>
<li><a class="wp-block-latest-posts__post-title" href="https://www.lycee-valin.fr/RJVALIN/les-euros-anglais-a-londres/">Les euros anglais à Londres</a><div class="wp-block-latest-posts__post-author">par Jocelyne Le-Foll</div><time datetime="2023-01-23T17:30:03+01:00" class="wp-block-latest-posts__post-date">23 janvier 2023</time></li>
<li><a class="wp-block-latest-posts__post-title" href="https://www.lycee-valin.fr/RJVALIN/langlais-en-classe-de-seconde-au-lycee-valin/">L&#8217;anglais en classe de Seconde au Lycée Valin.</a><div class="wp-block-latest-posts__post-author">par Mairead Fraire</div><time datetime="2022-11-24T15:13:59+01:00" class="wp-block-latest-posts__post-date">24 novembre 2022</time></li>
<li><a class="wp-block-latest-posts__post-title" href="https://www.lycee-valin.fr/RJVALIN/job-fair/">JOB FAIR</a><div class="wp-block-latest-posts__post-author">par Alexandre Alder</div><time datetime="2022-11-23T20:35:07+01:00" class="wp-block-latest-posts__post-date">23 novembre 2022</time></li>
</ul>

<form role="search" method="get" action="https://www.lycee-valin.fr/RJVALIN/" class="wp-block-search__button-outside wp-block-search__icon-button wp-block-search"    ><label class="wp-block-search__label" for="wp-block-search__input-1" >Rechercher un autre article</label><div class="wp-block-search__inside-wrapper" ><input class="wp-block-search__input" id="wp-block-search__input-1" placeholder="" value="" type="search" name="s" required /><button aria-label="Rechercher" class="wp-block-search__button has-icon wp-element-button" type="submit" ><svg class="search-icon" viewBox="0 0 24 24" width="24" height="24">
					<path d="M13 5c-3.3 0-6 2.7-6 6 0 1.4.5 2.7 1.3 3.7l-3.8 3.8 1.1 1.1 3.8-3.8c1 .8 2.3 1.3 3.7 1.3 3.3 0 6-2.7 6-6S16.3 5 13 5zm0 10.5c-2.5 0-4.5-2-4.5-4.5s2-4.5 4.5-4.5 4.5 2 4.5 4.5-2 4.5-4.5 4.5z"></path>
				</svg></button></div></form><div class='watch-action'><div class='watch-position align-left'><div class='action-like'><a class='lbg-style3 like-176 jlk' href='javascript:void(0)' data-task='like' data-post_id='176' data-nonce='a58e9a3d12' rel='nofollow'><img class='wti-pixel' src='https://www.lycee-valin.fr/RJVALIN/wp-content/plugins/wti-like-post/images/pixel.gif' title='j&#039;aime' /><span class='lc-176 lc'>0</span></a></div></div> <div class='status-176 status align-left'></div></div><div class='wti-clear'></div>

<p>L’enseignement de spécialité Anglais, monde contemporain vise à sensibiliser les élèves à la diversité des sociétés et des cultures du monde anglophone. Cet enseignement se donne pour objectif d’analyser quelques grands enjeux sociétaux, économiques, politiques, <a class="more-link" href="https://www.lycee-valin.fr/RJVALIN/les-enseignements-de-specialite/">Lire plus &#8230;</a></p>
