{"id":1454,"date":"2022-06-24T14:25:06","date_gmt":"2022-06-24T12:25:06","guid":{"rendered":"https:\/\/www.lycee-valin.fr\/RJVALIN\/?page_id=1454"},"modified":"2026-04-02T11:00:21","modified_gmt":"2026-04-02T09:00:21","slug":"loption-facultative-sante-social","status":"publish","type":"page","link":"https:\/\/www.lycee-valin.fr\/RJVALIN\/classe-de-seconde\/loption-facultative-sante-social\/","title":{"rendered":"L&#8217;option Sant\u00e9-Social en 2de"},"content":{"rendered":"\n<p><\/p>\n\n\n<h2>\u00a0<\/h2>\n<h2><span style=\"color: #333333;\"><strong><em>SANT\u00c9-SOCIAL<img decoding=\"async\" class=\"wp-image-1459 alignleft\" src=\"https:\/\/www.lycee-valin.fr\/RJVALIN\/wp-content\/uploads\/2022\/06\/nuage-SS-a-revoir-298x300.png\" alt=\"\" width=\"150\" height=\"151\" srcset=\"https:\/\/www.lycee-valin.fr\/RJVALIN\/wp-content\/uploads\/2022\/06\/nuage-SS-a-revoir-298x300.png 298w, https:\/\/www.lycee-valin.fr\/RJVALIN\/wp-content\/uploads\/2022\/06\/nuage-SS-a-revoir-150x150.png 150w, https:\/\/www.lycee-valin.fr\/RJVALIN\/wp-content\/uploads\/2022\/06\/nuage-SS-a-revoir.png 568w\" sizes=\"(max-width: 150px) 100vw, 150px\" \/> <\/em><\/strong><\/span><\/h2>\n<p>Cet enseignement vise \u00e0 permettre aux \u00e9l\u00e8ves de tester leurs go\u00fbts et aptitudes pour les questions sanitaires ou sociales primordiales dans notre soci\u00e9t\u00e9.<\/p>\n<p><span style=\"color: #800080;\"><strong><em>Cet enseignement est recommand\u00e9, mais pas obligatoire, pour les \u00e9l\u00e8ves qui envisagent la pr\u00e9paration du Bac technologique ST2S.<\/em><\/strong><\/span><\/p>\n<h4><span style=\"color: #333333;\"><strong>Les activit\u00e9s men\u00e9es sur diff\u00e9rents th\u00e8mes\u00a0:<\/strong><\/span><\/h4>\n<ul>\n<li>d\u00e9velopperont leur analyse<\/li>\n<li>leur feront d\u00e9couvrir les interrelations entre l\u2019individu, la sant\u00e9 et la soci\u00e9t\u00e9 (bien-\u00eatre social, environnement\u2026)<\/li>\n<li>favoriseront leur connaissance des domaines et activit\u00e9s professionnelles susceptibles de susciter leur int\u00e9r\u00eat en vue de faciliter les choix d\u2019orientation pour leur futur cursus scolaire.<\/li>\n<\/ul>\n<h6><strong>L\u2019enseignement optionnel Sant\u00e9 &amp; Social<\/strong> s\u2019effectue au travers de l\u2019\u00e9tude de documents, d\u2019outils de communication, de rencontres et dans la mesure du possible de visites sur le terrain\u2026<\/h6>\n<h3><span style=\"color: #808080;\"><strong>Les diff\u00e9rents th\u00e8mes\u00a0<\/strong><\/span><\/h3>\n\n\n<div class=\"wp-block-media-text alignwide is-stacked-on-mobile\" style=\"grid-template-columns:28% auto\"><figure class=\"wp-block-media-text__media\"><img fetchpriority=\"high\" decoding=\"async\" width=\"540\" height=\"281\" src=\"https:\/\/www.lycee-valin.fr\/RJVALIN\/wp-content\/uploads\/2022\/06\/infirmiere.jpg\" alt=\"\" class=\"wp-image-1470 size-full\" srcset=\"https:\/\/www.lycee-valin.fr\/RJVALIN\/wp-content\/uploads\/2022\/06\/infirmiere.jpg 540w, https:\/\/www.lycee-valin.fr\/RJVALIN\/wp-content\/uploads\/2022\/06\/infirmiere-300x156.jpg 300w\" sizes=\"(max-width: 540px) 100vw, 540px\" \/><\/figure><div class=\"wp-block-media-text__content\">\n<p class=\"has-blue-color has-text-color has-normal-font-size\"><strong>H\u00f4pital&nbsp;<\/strong>: Images et r\u00e9alit\u00e9s, influences, s\u00e9curit\u00e9, dimensions techniques sociologiques\u2026<\/p>\n<\/div><\/div>\n\n\n\n<div class=\"wp-block-media-text alignwide is-stacked-on-mobile\" style=\"grid-template-columns:27% auto\"><figure class=\"wp-block-media-text__media\"><img decoding=\"async\" width=\"279\" height=\"181\" src=\"https:\/\/www.lycee-valin.fr\/RJVALIN\/wp-content\/uploads\/2022\/06\/grandage.jpg\" alt=\"\" class=\"wp-image-1499 size-full\"\/><\/figure><div class=\"wp-block-media-text__content\">\n<p class=\"has-blue-color has-text-color has-normal-font-size\"><strong>Ages extr\u00eames de la vie<\/strong>&nbsp;: Probl\u00e8mes \u00e9thiques, qualit\u00e9 de vie, prise en charge\u2026<\/p>\n<\/div><\/div>\n\n\n\n<div class=\"wp-block-media-text alignwide is-stacked-on-mobile\" style=\"grid-template-columns:27% auto\"><figure class=\"wp-block-media-text__media\"><img loading=\"lazy\" decoding=\"async\" width=\"800\" height=\"533\" src=\"https:\/\/www.lycee-valin.fr\/RJVALIN\/wp-content\/uploads\/2022\/06\/BESS-2018_03_20_Olympiades_Metiers_Aide.jpg\" alt=\"\" class=\"wp-image-1466 size-full\" srcset=\"https:\/\/www.lycee-valin.fr\/RJVALIN\/wp-content\/uploads\/2022\/06\/BESS-2018_03_20_Olympiades_Metiers_Aide.jpg 800w, https:\/\/www.lycee-valin.fr\/RJVALIN\/wp-content\/uploads\/2022\/06\/BESS-2018_03_20_Olympiades_Metiers_Aide-300x200.jpg 300w, https:\/\/www.lycee-valin.fr\/RJVALIN\/wp-content\/uploads\/2022\/06\/BESS-2018_03_20_Olympiades_Metiers_Aide-768x512.jpg 768w\" sizes=\"(max-width: 800px) 100vw, 800px\" \/><\/figure><div class=\"wp-block-media-text__content\">\n<p class=\"has-blue-color has-text-color has-normal-font-size\"><strong>Handicap au quotidien<\/strong>&nbsp;: Notion de besoins, n\u00e9cessit\u00e9 l\u00e9gislative, dimension psychologique,<\/p>\n<\/div><\/div>\n\n\n\n<div class=\"wp-block-media-text alignwide is-stacked-on-mobile\" style=\"grid-template-columns:26% auto\"><figure class=\"wp-block-media-text__media\"><img loading=\"lazy\" decoding=\"async\" width=\"275\" height=\"183\" src=\"https:\/\/www.lycee-valin.fr\/RJVALIN\/wp-content\/uploads\/2022\/06\/UNICEF.jpg\" alt=\"\" class=\"wp-image-1472 size-full\"\/><\/figure><div class=\"wp-block-media-text__content\">\n<ul class=\"wp-block-list has-blue-color has-text-color has-normal-font-size\">\n<li><strong>Action humanitaire<\/strong>&nbsp;: Lien sant\u00e9 contexte, importance et analyse des besoins, respect de la culture&#8230;<\/li>\n<\/ul>\n<\/div><\/div>\n\n\n\n<div class=\"wp-block-media-text alignwide is-stacked-on-mobile\" style=\"grid-template-columns:20% auto\"><figure class=\"wp-block-media-text__media\"><img loading=\"lazy\" decoding=\"async\" width=\"298\" height=\"169\" src=\"https:\/\/www.lycee-valin.fr\/RJVALIN\/wp-content\/uploads\/2022\/06\/logo-action-social.jpg\" alt=\"\" class=\"wp-image-1490 size-full\"\/><\/figure><div class=\"wp-block-media-text__content\">\n<p class=\"has-blue-color has-text-color has-normal-font-size\"><strong>Vivre ensemble sur un territoire<\/strong>&nbsp;: R\u00f4le des collectivit\u00e9s locales, mixit\u00e9 sociale\u2026<\/p>\n<\/div><\/div>\n\n\n\n<div class=\"wp-block-media-text alignwide is-stacked-on-mobile\" style=\"grid-template-columns:27% auto\"><figure class=\"wp-block-media-text__media\"><img loading=\"lazy\" decoding=\"async\" width=\"1024\" height=\"683\" src=\"https:\/\/www.lycee-valin.fr\/RJVALIN\/wp-content\/uploads\/2022\/06\/puericultrice-1024x683-1.jpg\" alt=\"\" class=\"wp-image-1467 size-full\" srcset=\"https:\/\/www.lycee-valin.fr\/RJVALIN\/wp-content\/uploads\/2022\/06\/puericultrice-1024x683-1.jpg 1024w, https:\/\/www.lycee-valin.fr\/RJVALIN\/wp-content\/uploads\/2022\/06\/puericultrice-1024x683-1-300x200.jpg 300w, https:\/\/www.lycee-valin.fr\/RJVALIN\/wp-content\/uploads\/2022\/06\/puericultrice-1024x683-1-768x512.jpg 768w\" sizes=\"(max-width: 1024px) 100vw, 1024px\" \/><\/figure><div class=\"wp-block-media-text__content\">\n<p class=\"has-blue-color has-text-color has-normal-font-size\"><strong>Accueil petite enfance&nbsp;<\/strong>: Analyse des besoins, aspects sociologiques, r\u00e9ponses\u2026<\/p>\n<\/div><\/div>\n\n\n\n<p><\/p>\n\n\n\n<p><strong>Fiche de candidature \u00e0 t\u00e9l\u00e9charger<\/strong><\/p>\n\n\n\n<p><\/p>\n\n\n\n<div data-wp-interactive=\"core\/file\" class=\"wp-block-file\"><object data-wp-bind--hidden=\"!state.hasPdfPreview\" hidden class=\"wp-block-file__embed\" data=\"https:\/\/www.lycee-valin.fr\/RJVALIN\/wp-content\/uploads\/2026\/04\/Enseignement-optionnel-technologique-1.pdf\" type=\"application\/pdf\" style=\"width:100%;height:600px\" aria-label=\"Contenu embarqu\u00e9 Enseignement optionnel technologique.\"><\/object><a id=\"wp-block-file--media-518124aa-4843-498a-9617-34a691554bc8\" href=\"https:\/\/www.lycee-valin.fr\/RJVALIN\/wp-content\/uploads\/2026\/04\/Enseignement-optionnel-technologique-1.pdf\">Enseignement optionnel technologique<\/a><a href=\"https:\/\/www.lycee-valin.fr\/RJVALIN\/wp-content\/uploads\/2026\/04\/Enseignement-optionnel-technologique-1.pdf\" class=\"wp-block-file__button wp-element-button\" download aria-describedby=\"wp-block-file--media-518124aa-4843-498a-9617-34a691554bc8\">T\u00e9l\u00e9charger<\/a><\/div>\n<div class='watch-action'><div class='watch-position align-left'><div class='action-like'><a class='lbg-style3 like-1454 jlk' href='javascript:void(0)' data-task='like' data-post_id='1454' data-nonce='5e1022fd9f' rel='nofollow'><img class='wti-pixel' src='https:\/\/www.lycee-valin.fr\/RJVALIN\/wp-content\/plugins\/wti-like-post\/images\/pixel.gif' title='j&#039;aime' \/><span class='lc-1454 lc'>0<\/span><\/a><\/div><\/div> <div class='status-1454 status align-left'><\/div><\/div><div class='wti-clear'><\/div>","protected":false},"excerpt":{"rendered":"<p>\u00a0 SANT\u00c9-SOCIAL Cet enseignement vise \u00e0 permettre aux \u00e9l\u00e8ves de tester leurs go\u00fbts et aptitudes pour les questions sanitaires ou sociales primordiales dans notre soci\u00e9t\u00e9. Cet enseignement est recommand\u00e9, mais pas obligatoire, pour les \u00e9l\u00e8ves <a class=\"more-link\" href=\"https:\/\/www.lycee-valin.fr\/RJVALIN\/classe-de-seconde\/loption-facultative-sante-social\/\">Lire plus &#8230;<\/a><\/p>\n","protected":false},"author":10,"featured_media":0,"parent":172,"menu_order":0,"comment_status":"closed","ping_status":"closed","template":"","meta":{"footnotes":""},"class_list":["post-1454","page","type-page","status-publish","hentry"],"_links":{"self":[{"href":"https:\/\/www.lycee-valin.fr\/RJVALIN\/wp-json\/wp\/v2\/pages\/1454","targetHints":{"allow":["GET"]}}],"collection":[{"href":"https:\/\/www.lycee-valin.fr\/RJVALIN\/wp-json\/wp\/v2\/pages"}],"about":[{"href":"https:\/\/www.lycee-valin.fr\/RJVALIN\/wp-json\/wp\/v2\/types\/page"}],"author":[{"embeddable":true,"href":"https:\/\/www.lycee-valin.fr\/RJVALIN\/wp-json\/wp\/v2\/users\/10"}],"replies":[{"embeddable":true,"href":"https:\/\/www.lycee-valin.fr\/RJVALIN\/wp-json\/wp\/v2\/comments?post=1454"}],"version-history":[{"count":20,"href":"https:\/\/www.lycee-valin.fr\/RJVALIN\/wp-json\/wp\/v2\/pages\/1454\/revisions"}],"predecessor-version":[{"id":8721,"href":"https:\/\/www.lycee-valin.fr\/RJVALIN\/wp-json\/wp\/v2\/pages\/1454\/revisions\/8721"}],"up":[{"embeddable":true,"href":"https:\/\/www.lycee-valin.fr\/RJVALIN\/wp-json\/wp\/v2\/pages\/172"}],"wp:attachment":[{"href":"https:\/\/www.lycee-valin.fr\/RJVALIN\/wp-json\/wp\/v2\/media?parent=1454"}],"curies":[{"name":"wp","href":"https:\/\/api.w.org\/{rel}","templated":true}]}}