{"id":135,"date":"2022-05-25T08:49:57","date_gmt":"2022-05-25T06:49:57","guid":{"rendered":"https:\/\/www.lycee-valin.fr\/RJVALIN\/?page_id=135"},"modified":"2025-09-08T10:49:28","modified_gmt":"2025-09-08T08:49:28","slug":"derniers-articles-publies","status":"publish","type":"page","link":"https:\/\/www.lycee-valin.fr\/RJVALIN\/","title":{"rendered":"Derniers articles publi\u00e9s"},"content":{"rendered":"\n<div class=\"wp-block-group\"><div class=\"wp-block-group__inner-container is-layout-flow wp-block-group-is-layout-flow\"><ul class=\"wp-block-latest-posts__list has-dates has-author wp-block-latest-posts\"><li><div class=\"wp-block-latest-posts__featured-image alignleft\"><a href=\"https:\/\/www.lycee-valin.fr\/RJVALIN\/jacqueline-manicom-une-femme-oubliee-qui-merite-detre-connue\/\" aria-label=\"Jacqueline Manicom\u00a0: une femme oubli\u00e9e qui m\u00e9rite d\u2019\u00eatre connue\"><img decoding=\"async\" width=\"150\" height=\"150\" src=\"https:\/\/www.lycee-valin.fr\/RJVALIN\/wp-content\/uploads\/2026\/03\/affiche-150x150.jpg\" class=\"attachment-thumbnail size-thumbnail wp-post-image\" alt=\"\" style=\"max-width:100px;max-height:100px;\" srcset=\"https:\/\/www.lycee-valin.fr\/RJVALIN\/wp-content\/uploads\/2026\/03\/affiche-150x150.jpg 150w, https:\/\/www.lycee-valin.fr\/RJVALIN\/wp-content\/uploads\/2026\/03\/affiche-70x70.jpg 70w\" sizes=\"(max-width: 150px) 100vw, 150px\" \/><\/a><\/div><a class=\"wp-block-latest-posts__post-title\" href=\"https:\/\/www.lycee-valin.fr\/RJVALIN\/jacqueline-manicom-une-femme-oubliee-qui-merite-detre-connue\/\">Jacqueline Manicom\u00a0: une femme oubli\u00e9e qui m\u00e9rite d\u2019\u00eatre connue<\/a><div class=\"wp-block-latest-posts__post-author\">par ingrid ghilardini<\/div><time datetime=\"2026-03-31T08:47:55+02:00\" class=\"wp-block-latest-posts__post-date\">31 mars 2026<\/time><div class=\"wp-block-latest-posts__post-excerpt\">Soutenue par le lyc\u00e9e Valin, l&#8217;association Lear a invit\u00e9 la journaliste et biographe H\u00e9l\u00e8ne Frouard le 10 mars 2026. Les <a class=\"more-link\" href=\"https:\/\/www.lycee-valin.fr\/RJVALIN\/jacqueline-manicom-une-femme-oubliee-qui-merite-detre-connue\/\">Lire plus &#8230;<\/a><\/div><\/li>\n<li><div class=\"wp-block-latest-posts__featured-image alignleft\"><a href=\"https:\/\/www.lycee-valin.fr\/RJVALIN\/challenge-innovatech-mission-ingenieure\/\" aria-label=\"Challenge Innovatech &#8211; Mission : Ing\u00e9nieure !!\"><img decoding=\"async\" width=\"150\" height=\"150\" src=\"https:\/\/www.lycee-valin.fr\/RJVALIN\/wp-content\/uploads\/2026\/03\/PXL_20260319_151936132.MP_-150x150.jpg\" class=\"attachment-thumbnail size-thumbnail wp-post-image\" alt=\"\" style=\"max-width:100px;max-height:100px;\" srcset=\"https:\/\/www.lycee-valin.fr\/RJVALIN\/wp-content\/uploads\/2026\/03\/PXL_20260319_151936132.MP_-150x150.jpg 150w, https:\/\/www.lycee-valin.fr\/RJVALIN\/wp-content\/uploads\/2026\/03\/PXL_20260319_151936132.MP_-70x70.jpg 70w\" sizes=\"(max-width: 150px) 100vw, 150px\" \/><\/a><\/div><a class=\"wp-block-latest-posts__post-title\" href=\"https:\/\/www.lycee-valin.fr\/RJVALIN\/challenge-innovatech-mission-ingenieure\/\">Challenge Innovatech &#8211; Mission : Ing\u00e9nieure !!<\/a><div class=\"wp-block-latest-posts__post-author\">par cecile thibeaud<\/div><time datetime=\"2026-03-22T19:31:15+01:00\" class=\"wp-block-latest-posts__post-date\">22 mars 2026<\/time><div class=\"wp-block-latest-posts__post-excerpt\">Jeudi 19 mars, Anna, Ma\u00eblle, Natacha, \u00e9l\u00e8ves de Terminale en sp\u00e9cialit\u00e9 Physique-Chimie, et Tha\u00efs, \u00e9l\u00e8ve de Premi\u00e8re en sp\u00e9cialit\u00e9 NSI, <a class=\"more-link\" href=\"https:\/\/www.lycee-valin.fr\/RJVALIN\/challenge-innovatech-mission-ingenieure\/\">Lire plus &#8230;<\/a><\/div><\/li>\n<li><div class=\"wp-block-latest-posts__featured-image alignleft\"><a href=\"https:\/\/www.lycee-valin.fr\/RJVALIN\/un-escape-game-et-un-quiz-pour-celebrer-leurope-malgre-le-vent\/\" aria-label=\"Un Escape Game et un Quiz pour c\u00e9l\u00e9brer l\u2019Europe, malgr\u00e9 le vent !\"><img decoding=\"async\" width=\"150\" height=\"150\" src=\"https:\/\/www.lycee-valin.fr\/RJVALIN\/wp-content\/uploads\/2026\/03\/image32-150x150.jpeg\" class=\"attachment-thumbnail size-thumbnail wp-post-image\" alt=\"\" style=\"max-width:100px;max-height:100px;\" srcset=\"https:\/\/www.lycee-valin.fr\/RJVALIN\/wp-content\/uploads\/2026\/03\/image32-150x150.jpeg 150w, https:\/\/www.lycee-valin.fr\/RJVALIN\/wp-content\/uploads\/2026\/03\/image32-70x70.jpeg 70w\" sizes=\"(max-width: 150px) 100vw, 150px\" \/><\/a><\/div><a class=\"wp-block-latest-posts__post-title\" href=\"https:\/\/www.lycee-valin.fr\/RJVALIN\/un-escape-game-et-un-quiz-pour-celebrer-leurope-malgre-le-vent\/\">Un Escape Game et un Quiz pour c\u00e9l\u00e9brer l\u2019Europe, malgr\u00e9 le vent !<\/a><div class=\"wp-block-latest-posts__post-author\">par heiko mueller<\/div><time datetime=\"2026-03-20T09:28:46+01:00\" class=\"wp-block-latest-posts__post-date\">20 mars 2026<\/time><div class=\"wp-block-latest-posts__post-excerpt\">Jeudi 19 mars, le Comit\u00e9 des Jeunes Europ\u00e9ens a marqu\u00e9 les esprits avec une animation originale, organis\u00e9e dans le cadre <a class=\"more-link\" href=\"https:\/\/www.lycee-valin.fr\/RJVALIN\/un-escape-game-et-un-quiz-pour-celebrer-leurope-malgre-le-vent\/\">Lire plus &#8230;<\/a><\/div><\/li>\n<li><div class=\"wp-block-latest-posts__featured-image alignleft\"><a href=\"https:\/\/www.lycee-valin.fr\/RJVALIN\/workshop-archeologie-du-present-chloe-petitjean\/\" aria-label=\"Workshop &#8220;Arch\u00e9ologie du pr\u00e9sent&#8221; Chlo\u00e9 Petitjean\"><img loading=\"lazy\" decoding=\"async\" width=\"150\" height=\"150\" src=\"https:\/\/www.lycee-valin.fr\/RJVALIN\/wp-content\/uploads\/2026\/03\/20260225_153224-150x150.jpg\" class=\"attachment-thumbnail size-thumbnail wp-post-image\" alt=\"\" style=\"max-width:100px;max-height:100px;\" srcset=\"https:\/\/www.lycee-valin.fr\/RJVALIN\/wp-content\/uploads\/2026\/03\/20260225_153224-150x150.jpg 150w, https:\/\/www.lycee-valin.fr\/RJVALIN\/wp-content\/uploads\/2026\/03\/20260225_153224-70x70.jpg 70w\" sizes=\"(max-width: 150px) 100vw, 150px\" \/><\/a><\/div><a class=\"wp-block-latest-posts__post-title\" href=\"https:\/\/www.lycee-valin.fr\/RJVALIN\/workshop-archeologie-du-present-chloe-petitjean\/\">Workshop &#8220;Arch\u00e9ologie du pr\u00e9sent&#8221; Chlo\u00e9 Petitjean<\/a><div class=\"wp-block-latest-posts__post-author\">par Stephanie Catherine-Duchemin<\/div><time datetime=\"2026-03-18T17:27:50+01:00\" class=\"wp-block-latest-posts__post-date\">18 mars 2026<\/time><div class=\"wp-block-latest-posts__post-excerpt\">CPES Valin &#8211; R\u00e9sidence \u00e9claircie Dans le cadre d\u2019une\u00a0r\u00e9sidence \u00e9claircie, nous accueillons\u00a0Chlo\u00e9 Petitjean\u00a0:\u00a0artiste et designer pluridisciplinaire.La r\u00e9sidence a pour point <a class=\"more-link\" href=\"https:\/\/www.lycee-valin.fr\/RJVALIN\/workshop-archeologie-du-present-chloe-petitjean\/\">Lire plus &#8230;<\/a><\/div><\/li>\n<\/ul><\/div><\/div>\n\n\n\n<h2 class=\"wp-block-heading\"><\/h2>\n<div class='watch-action'><div class='watch-position align-left'><div class='action-like'><a class='lbg-style3 like-135 jlk' href='javascript:void(0)' data-task='like' data-post_id='135' data-nonce='b2abde2599' rel='nofollow'><img class='wti-pixel' src='https:\/\/www.lycee-valin.fr\/RJVALIN\/wp-content\/plugins\/wti-like-post\/images\/pixel.gif' title='j&#039;aime' \/><span class='lc-135 lc'>0<\/span><\/a><\/div><\/div> <div class='status-135 status align-left'><\/div><\/div><div class='wti-clear'><\/div>","protected":false},"excerpt":{"rendered":"<p>0<\/p>\n","protected":false},"author":1,"featured_media":0,"parent":0,"menu_order":0,"comment_status":"closed","ping_status":"closed","template":"","meta":{"footnotes":""},"class_list":["post-135","page","type-page","status-publish","hentry"],"_links":{"self":[{"href":"https:\/\/www.lycee-valin.fr\/RJVALIN\/wp-json\/wp\/v2\/pages\/135","targetHints":{"allow":["GET"]}}],"collection":[{"href":"https:\/\/www.lycee-valin.fr\/RJVALIN\/wp-json\/wp\/v2\/pages"}],"about":[{"href":"https:\/\/www.lycee-valin.fr\/RJVALIN\/wp-json\/wp\/v2\/types\/page"}],"author":[{"embeddable":true,"href":"https:\/\/www.lycee-valin.fr\/RJVALIN\/wp-json\/wp\/v2\/users\/1"}],"replies":[{"embeddable":true,"href":"https:\/\/www.lycee-valin.fr\/RJVALIN\/wp-json\/wp\/v2\/comments?post=135"}],"version-history":[{"count":29,"href":"https:\/\/www.lycee-valin.fr\/RJVALIN\/wp-json\/wp\/v2\/pages\/135\/revisions"}],"predecessor-version":[{"id":7758,"href":"https:\/\/www.lycee-valin.fr\/RJVALIN\/wp-json\/wp\/v2\/pages\/135\/revisions\/7758"}],"wp:attachment":[{"href":"https:\/\/www.lycee-valin.fr\/RJVALIN\/wp-json\/wp\/v2\/media?parent=135"}],"curies":[{"name":"wp","href":"https:\/\/api.w.org\/{rel}","templated":true}]}}