{"id":1022,"date":"2022-06-20T13:54:29","date_gmt":"2022-06-20T11:54:29","guid":{"rendered":"https:\/\/www.lycee-valin.fr\/RJVALIN\/?page_id=1022"},"modified":"2024-11-29T08:26:40","modified_gmt":"2024-11-29T07:26:40","slug":"liste-des-professeurs","status":"publish","type":"page","link":"https:\/\/www.lycee-valin.fr\/RJVALIN\/liste-des-professeurs\/","title":{"rendered":"Liste des professeurs"},"content":{"rendered":"\n<div class=\"wp-block-columns are-vertically-aligned-top is-layout-flex wp-container-core-columns-is-layout-9d6595d7 wp-block-columns-is-layout-flex\">\n<div class=\"wp-block-column is-vertically-aligned-top is-layout-flow wp-block-column-is-layout-flow\" style=\"flex-basis:20%\">\n<h2 class=\"wp-block-heading alignwide\">Allemand<\/h2>\n<\/div>\n\n\n\n<div class=\"wp-block-column is-vertically-aligned-top is-layout-flow wp-block-column-is-layout-flow\" style=\"flex-basis:66.66%\">\n<blockquote class=\"wp-block-quote is-layout-flow wp-block-quote-is-layout-flow\">\n<p>Mme LAVAL Catherine <\/p>\n\n\n\n<p>M. MULLER Heiko<\/p>\n<\/blockquote>\n<\/div>\n<\/div>\n\n\n\n<div class=\"wp-block-columns are-vertically-aligned-top is-layout-flex wp-container-core-columns-is-layout-9d6595d7 wp-block-columns-is-layout-flex\">\n<div class=\"wp-block-column is-vertically-aligned-top is-layout-flow wp-block-column-is-layout-flow\" style=\"flex-basis:20%\">\n<h2 class=\"wp-block-heading alignwide\">Anglais<\/h2>\n<\/div>\n\n\n\n<div class=\"wp-block-column is-vertically-aligned-top is-layout-flow wp-block-column-is-layout-flow\" style=\"flex-basis:66.66%\">\n<blockquote class=\"wp-block-quote is-layout-flow wp-block-quote-is-layout-flow\">\n<p>M. ALDER Alexandre<\/p>\n\n\n\n<p>Mme BORDIGNON Emma<\/p>\n\n\n\n<p>Mme DE FOVILLE B\u00e9r\u00e9nice<\/p>\n\n\n\n<p>Mme FAIN Pauline<\/p>\n\n\n\n<p>Mme FRAIRE Maired<\/p>\n\n\n\n<p>Mme GARNIER COLAS Katy<\/p>\n\n\n\n<p>Mme LACOMBE Catherine<\/p>\n\n\n\n<p>M. LAMOUREUX Laurent<\/p>\n\n\n\n<p>Mme LOVE MAURANGE Marianne<\/p>\n\n\n\n<p>Mme MENON Isabelle<\/p>\n\n\n\n<p>Mme PASQUIER B\u00e9rang\u00e8re<\/p>\n\n\n\n<p>M. POISSON Calixte<\/p>\n\n\n\n<p>Mme WINSPEARE Brigitte<\/p>\n<\/blockquote>\n<\/div>\n<\/div>\n\n\n\n<div class=\"wp-block-columns are-vertically-aligned-top is-layout-flex wp-container-core-columns-is-layout-9d6595d7 wp-block-columns-is-layout-flex\">\n<div class=\"wp-block-column is-vertically-aligned-top is-layout-flow wp-block-column-is-layout-flow\" style=\"flex-basis:20%\">\n<h2 class=\"wp-block-heading alignwide\">Arts plastiques<\/h2>\n<\/div>\n\n\n\n<div class=\"wp-block-column is-vertically-aligned-top is-layout-flow wp-block-column-is-layout-flow\" style=\"flex-basis:66.66%\">\n<blockquote class=\"wp-block-quote is-layout-flow wp-block-quote-is-layout-flow\">\n<p>Mme CATHERINE-DUCHEMIN St\u00e9phanie<\/p>\n\n\n\n<p>M. MAREC Ronan<\/p>\n\n\n\n<p>M. MIGNONNEAU Fabrice<\/p>\n\n\n\n<p>Mme SAINT-MARTIN Laurence<\/p>\n<\/blockquote>\n<\/div>\n<\/div>\n\n\n\n<div class=\"wp-block-columns are-vertically-aligned-top is-layout-flex wp-container-core-columns-is-layout-9d6595d7 wp-block-columns-is-layout-flex\">\n<div class=\"wp-block-column is-vertically-aligned-top is-layout-flow wp-block-column-is-layout-flow\" style=\"flex-basis:20%\">\n<h2 class=\"wp-block-heading alignwide\">Biotechnologies<\/h2>\n<\/div>\n\n\n\n<div class=\"wp-block-column is-vertically-aligned-top is-layout-flow wp-block-column-is-layout-flow\" style=\"flex-basis:66.66%\">\n<blockquote class=\"wp-block-quote is-layout-flow wp-block-quote-is-layout-flow\">\n<p>Mme BELLIOT Sabrina<\/p>\n\n\n\n<p>Mme BRUNA Sandrine<\/p>\n\n\n\n<p>M. FAUSTIN-LEYBACH Michael<\/p>\n\n\n\n<p>M. GALERNE Arnaud<\/p>\n\n\n\n<p>M. GROSSIN Wilfrid<\/p>\n\n\n\n<p>M. GUITTARD Jules<\/p>\n\n\n\n<p>Mme HARDOUINEAU Christelle<\/p>\n\n\n\n<p>Mme LEROY Sabine<\/p>\n\n\n\n<p>M. LESAGE Eric<\/p>\n\n\n\n<p>M. LINDESAY George<\/p>\n\n\n\n<p>Mme MALLET Christine<\/p>\n\n\n\n<p>Mme SAVARY Florence<\/p>\n\n\n\n<p>Mme VERDIER-VALET Christine<\/p>\n<\/blockquote>\n<\/div>\n<\/div>\n\n\n\n<div class=\"wp-block-columns are-vertically-aligned-top is-layout-flex wp-container-core-columns-is-layout-9d6595d7 wp-block-columns-is-layout-flex\">\n<div class=\"wp-block-column is-vertically-aligned-top is-layout-flow wp-block-column-is-layout-flow\" style=\"flex-basis:20%\">\n<h2 class=\"wp-block-heading alignwide\">EPS<\/h2>\n<\/div>\n\n\n\n<div class=\"wp-block-column is-vertically-aligned-top is-layout-flow wp-block-column-is-layout-flow\" style=\"flex-basis:66.66%\">\n<blockquote class=\"wp-block-quote is-layout-flow wp-block-quote-is-layout-flow\">\n<p>M. ARGOUD Lionel<\/p>\n\n\n\n<p>M. DELAVEAU Fr\u00e9d\u00e9ric<\/p>\n\n\n\n<p>M. DE LEMOS Laurent<\/p>\n\n\n\n<p>M. SOUCHET \u00c9ric<\/p>\n\n\n\n<p>M. VAUZELLE Lionel<\/p>\n<\/blockquote>\n<\/div>\n<\/div>\n\n\n\n<div class=\"wp-block-columns are-vertically-aligned-top is-layout-flex wp-container-core-columns-is-layout-9d6595d7 wp-block-columns-is-layout-flex\">\n<div class=\"wp-block-column is-vertically-aligned-top is-layout-flow wp-block-column-is-layout-flow\" style=\"flex-basis:20%\">\n<h2 class=\"wp-block-heading alignwide\">Espagnol<\/h2>\n<\/div>\n\n\n\n<div class=\"wp-block-column is-vertically-aligned-top is-layout-flow wp-block-column-is-layout-flow\" style=\"flex-basis:66.66%\">\n<blockquote class=\"wp-block-quote is-layout-flow wp-block-quote-is-layout-flow\">\n<p>Mme LORENZO-MASURIER S\u00e9v\u00e9rina<\/p>\n\n\n\n<p>Mme MARTY Agn\u00e8s<\/p>\n\n\n\n<p>Mme NIQUET Cynthia<\/p>\n\n\n\n<p>Mme REGRAFFE Armelle<\/p>\n\n\n\n<p>Mme SENNANE Aurelia<\/p>\n\n\n\n<p>M. SOLA Jean Luc<\/p>\n<\/blockquote>\n<\/div>\n<\/div>\n\n\n\n<div class=\"wp-block-columns are-vertically-aligned-top is-layout-flex wp-container-core-columns-is-layout-9d6595d7 wp-block-columns-is-layout-flex\">\n<div class=\"wp-block-column is-vertically-aligned-top is-layout-flow wp-block-column-is-layout-flow\" style=\"flex-basis:20%\">\n<h2 class=\"wp-block-heading alignwide\">Histoire G\u00e9ographie<\/h2>\n<\/div>\n\n\n\n<div class=\"wp-block-column is-vertically-aligned-top is-layout-flow wp-block-column-is-layout-flow\" style=\"flex-basis:66.66%\">\n<blockquote class=\"wp-block-quote is-layout-flow wp-block-quote-is-layout-flow\">\n<p>Mme BAGILET Claire<\/p>\n\n\n\n<p>M. BONNAFOUS Jean Louis<\/p>\n\n\n\n<p>M. GODIN Olivier<\/p>\n\n\n\n<p>Mme LAMBERT-BORDIEC Ingrid<\/p>\n\n\n\n<p>Mme LE FOLL Jocelyne<\/p>\n\n\n\n<p>M. LHUINTRE Pierre<\/p>\n\n\n\n<p>M. POUGET Emmanuel<\/p>\n\n\n\n<p>M. REGNOUF de VAINS Olivier<\/p>\n\n\n\n<p>M. SAUTEL Luc<\/p>\n\n\n\n<p>M. SOUBESTE Jean Marc<\/p>\n\n\n\n<p>Mlle TIVENIN Isabelle<\/p>\n<\/blockquote>\n<\/div>\n<\/div>\n\n\n\n<div class=\"wp-block-columns are-vertically-aligned-top is-layout-flex wp-container-core-columns-is-layout-9d6595d7 wp-block-columns-is-layout-flex\">\n<div class=\"wp-block-column is-vertically-aligned-top is-layout-flow wp-block-column-is-layout-flow\" style=\"flex-basis:20%\">\n<h2 class=\"wp-block-heading alignwide\">Lettres modernes<\/h2>\n<\/div>\n\n\n\n<div class=\"wp-block-column is-vertically-aligned-top is-layout-flow wp-block-column-is-layout-flow\" style=\"flex-basis:66.66%\">\n<blockquote class=\"wp-block-quote is-layout-flow wp-block-quote-is-layout-flow\">\n<p>Mme BOURDIN Katia<\/p>\n\n\n\n<p>Mme CROIZE Martine<\/p>\n\n\n\n<p>Mme DESHAYES C\u00e9line (th\u00e9\u00e2tre)<\/p>\n\n\n\n<p>Mme DOMBROWSKI C\u00e9line<\/p>\n\n\n\n<p>Mme FOURAGE Muriel<\/p>\n\n\n\n<p>Mme GHILARDINI Ingrid<\/p>\n\n\n\n<p>M. JACOB St\u00e9phane (th\u00e9\u00e2tre)<\/p>\n\n\n\n<p>Mme LE DENIC Catherine<\/p>\n\n\n\n<p>Mme PERDOU Fabienne<\/p>\n\n\n\n<p>Mme ROUSSEL Nolwen<\/p>\n<\/blockquote>\n<\/div>\n<\/div>\n\n\n\n<div class=\"wp-block-columns are-vertically-aligned-top is-layout-flex wp-container-core-columns-is-layout-9d6595d7 wp-block-columns-is-layout-flex\">\n<div class=\"wp-block-column is-vertically-aligned-top is-layout-flow wp-block-column-is-layout-flow\" style=\"flex-basis:20%\">\n<h2 class=\"wp-block-heading alignwide\">Lettres classiques<\/h2>\n<\/div>\n\n\n\n<div class=\"wp-block-column is-vertically-aligned-top is-layout-flow wp-block-column-is-layout-flow\" style=\"flex-basis:66.66%\">\n<blockquote class=\"wp-block-quote is-layout-flow wp-block-quote-is-layout-flow\">\n<p>Mme CLAVIER \u00c9lodie<\/p>\n\n\n\n<p>Mme DEBOUTE Sophie<\/p>\n<\/blockquote>\n<\/div>\n<\/div>\n\n\n\n<div class=\"wp-block-columns are-vertically-aligned-top is-layout-flex wp-container-core-columns-is-layout-9d6595d7 wp-block-columns-is-layout-flex\">\n<div class=\"wp-block-column is-vertically-aligned-top is-layout-flow wp-block-column-is-layout-flow\" style=\"flex-basis:20%\">\n<h2 class=\"wp-block-heading alignwide\">Math\u00e9matiques<\/h2>\n<\/div>\n\n\n\n<div class=\"wp-block-column is-vertically-aligned-top is-layout-flow wp-block-column-is-layout-flow\" style=\"flex-basis:66.66%\">\n<blockquote class=\"wp-block-quote is-layout-flow wp-block-quote-is-layout-flow\">\n<p>Mme BARREAU S\u00e9verine<\/p>\n\n\n\n<p>M. BERNAT Jean Matthieu<\/p>\n\n\n\n<p>M. BONNEAU Franck<\/p>\n\n\n\n<p>Mme BOSCHAT C\u00e9line<\/p>\n\n\n\n<p>M. CERVERA Jean Charles<\/p>\n\n\n\n<p>M. CHAIZE Baptiste<\/p>\n\n\n\n<p>Mme CHAMBON C\u00e9cile<\/p>\n\n\n\n<p>Mme CIANCIARULLO Nathalie<\/p>\n\n\n\n<p>M. COCHARD Nicolas<\/p>\n\n\n\n<p>Mme EL HAMIDI Amira<\/p>\n\n\n\n<p>M. HEIMBURGER Pascal<\/p>\n\n\n\n<p>M. LE BROCH Fabien<\/p>\n\n\n\n<p>M. PETREQUIN \u00c9ric<\/p>\n\n\n\n<p>M. RECLUS Cyrille<\/p>\n\n\n\n<p>Mme RAILLOT Eva<\/p>\n\n\n\n<p>Mme TERREUIL Ang\u00e9lique<\/p>\n\n\n\n<p>Mme THEAU St\u00e9phanie<\/p>\n<\/blockquote>\n<\/div>\n<\/div>\n\n\n\n<div class=\"wp-block-columns are-vertically-aligned-top is-layout-flex wp-container-core-columns-is-layout-9d6595d7 wp-block-columns-is-layout-flex\">\n<div class=\"wp-block-column is-vertically-aligned-top is-layout-flow wp-block-column-is-layout-flow\" style=\"flex-basis:20%\">\n<h2 class=\"wp-block-heading alignwide\">Philosophie<\/h2>\n<\/div>\n\n\n\n<div class=\"wp-block-column is-vertically-aligned-top is-layout-flow wp-block-column-is-layout-flow\" style=\"flex-basis:66.66%\">\n<blockquote class=\"wp-block-quote is-layout-flow wp-block-quote-is-layout-flow\">\n<p>M. LAGARDE Victor<\/p>\n\n\n\n<p>M. LETROU R\u00e9mi<\/p>\n\n\n\n<p>M. TRIGEASSOU Romain<\/p>\n\n\n\n<p>M. ROBAULT Fr\u00e9d\u00e9ric<\/p>\n\n\n\n<p>Mme SANTROT G\u00e9raldine<\/p>\n<\/blockquote>\n<\/div>\n<\/div>\n\n\n\n<div class=\"wp-block-columns are-vertically-aligned-top is-layout-flex wp-container-core-columns-is-layout-9d6595d7 wp-block-columns-is-layout-flex\">\n<div class=\"wp-block-column is-vertically-aligned-top is-layout-flow wp-block-column-is-layout-flow\" style=\"flex-basis:20%\">\n<h2 class=\"wp-block-heading alignwide\">Physique Chimie<\/h2>\n<\/div>\n\n\n\n<div class=\"wp-block-column is-vertically-aligned-top is-layout-flow wp-block-column-is-layout-flow\" style=\"flex-basis:66.66%\">\n<blockquote class=\"wp-block-quote is-layout-flow wp-block-quote-is-layout-flow\">\n<p>Mme BEILLEVAIRE Ang\u00e9lique<\/p>\n\n\n\n<p>Mme CHARBONNIER C\u00e9line<\/p>\n\n\n\n<p>M. COPPOLANI Vincent<\/p>\n\n\n\n<p>M. COSTA Denis<\/p>\n\n\n\n<p>Mme FRIEDMANN Agn\u00e8s<\/p>\n\n\n\n<p>M. LAPITEAU C\u00e9dric<\/p>\n\n\n\n<p>M. LAURENT St\u00e9phane<\/p>\n\n\n\n<p>M. MAISSIN C\u00e9dric<\/p>\n\n\n\n<p>M. PICOT Adrien<\/p>\n\n\n\n<p>Mme THIBEAUD C\u00e9cile<\/p>\n\n\n\n<p>Mme THIBURCE Lucie<\/p>\n\n\n\n<p>M. TUGDUAL Laurent<\/p>\n<\/blockquote>\n<\/div>\n<\/div>\n\n\n\n<div class=\"wp-block-columns are-vertically-aligned-top is-layout-flex wp-container-core-columns-is-layout-9d6595d7 wp-block-columns-is-layout-flex\">\n<div class=\"wp-block-column is-vertically-aligned-top is-layout-flow wp-block-column-is-layout-flow\" style=\"flex-basis:20%\">\n<h2 class=\"wp-block-heading alignwide\">Portugais<\/h2>\n<\/div>\n\n\n\n<div class=\"wp-block-column is-vertically-aligned-top is-layout-flow wp-block-column-is-layout-flow\" style=\"flex-basis:66.66%\">\n<blockquote class=\"wp-block-quote is-layout-flow wp-block-quote-is-layout-flow\">\n<p>M. ARAUJO LOUREIRO Domingos<\/p>\n<\/blockquote>\n<\/div>\n<\/div>\n\n\n\n<div class=\"wp-block-columns are-vertically-aligned-top is-layout-flex wp-container-core-columns-is-layout-9d6595d7 wp-block-columns-is-layout-flex\">\n<div class=\"wp-block-column is-vertically-aligned-top is-layout-flow wp-block-column-is-layout-flow\" style=\"flex-basis:20%\">\n<h2 class=\"wp-block-heading alignwide\">SVT<\/h2>\n<\/div>\n\n\n\n<div class=\"wp-block-column is-vertically-aligned-top is-layout-flow wp-block-column-is-layout-flow\" style=\"flex-basis:66.66%\">\n<blockquote class=\"wp-block-quote is-layout-flow wp-block-quote-is-layout-flow\">\n<p>Mme BARTHEL Delphine<\/p>\n\n\n\n<p>M. CAPRON Philippe<\/p>\n\n\n\n<p>M. COCHE C\u00e9dric<\/p>\n\n\n\n<p>M. DELACUVELLERIE Lorio<\/p>\n\n\n\n<p>M. HEURTEBIZE Jean Hugues<\/p>\n\n\n\n<p>M. PICARD Philippe<\/p>\n\n\n\n<p>Mme SIM Soraya<\/p>\n\n\n\n<p>M. SUIRE Jean David<\/p>\n\n\n\n<p>Mme SUPERVIE Anne<\/p>\n<\/blockquote>\n<\/div>\n<\/div>\n\n\n\n<div class=\"wp-block-columns are-vertically-aligned-top is-layout-flex wp-container-core-columns-is-layout-9d6595d7 wp-block-columns-is-layout-flex\">\n<div class=\"wp-block-column is-vertically-aligned-top is-layout-flow wp-block-column-is-layout-flow\" style=\"flex-basis:20%\">\n<h2 class=\"wp-block-heading alignwide\">SMS<\/h2>\n<\/div>\n\n\n\n<div class=\"wp-block-column is-vertically-aligned-top is-layout-flow wp-block-column-is-layout-flow\" style=\"flex-basis:66.66%\">\n<blockquote class=\"wp-block-quote is-layout-flow wp-block-quote-is-layout-flow\">\n<p>Mme LADJAL Houria<\/p>\n\n\n\n<p>Mme ROBY Sandrine<\/p>\n\n\n\n<p>Mme SAFAR V\u00e9ronique<\/p>\n\n\n\n<p>Mme TOP Rebecca<\/p>\n<\/blockquote>\n<\/div>\n<\/div>\n\n\n\n<div class=\"wp-block-columns are-vertically-aligned-top is-layout-flex wp-container-core-columns-is-layout-9d6595d7 wp-block-columns-is-layout-flex\">\n<div class=\"wp-block-column is-vertically-aligned-top is-layout-flow wp-block-column-is-layout-flow\" style=\"flex-basis:20%\">\n<h2 class=\"wp-block-heading alignwide\">SES<\/h2>\n<\/div>\n\n\n\n<div class=\"wp-block-column is-vertically-aligned-top is-layout-flow wp-block-column-is-layout-flow\" style=\"flex-basis:66.66%\">\n<blockquote class=\"wp-block-quote is-layout-flow wp-block-quote-is-layout-flow\">\n<p>M. LETELLIER Philippe<\/p>\n\n\n\n<p>M. LUCAS St\u00e9phane<\/p>\n\n\n\n<p>Mme PETINIAUD Estelle<\/p>\n\n\n\n<p>M. RAYNAUD Jean Pierre<\/p>\n\n\n\n<p>Mme RICHER Fr\u00e9d\u00e9rique<\/p>\n<\/blockquote>\n<\/div>\n<\/div>\n\n\n\n<div class=\"wp-block-columns are-vertically-aligned-top is-layout-flex wp-container-core-columns-is-layout-9d6595d7 wp-block-columns-is-layout-flex\">\n<div class=\"wp-block-column is-vertically-aligned-top is-layout-flow wp-block-column-is-layout-flow\" style=\"flex-basis:20%\">\n<h2 class=\"wp-block-heading alignwide\">ESTH\u00c9TIQUE<\/h2>\n<\/div>\n\n\n\n<div class=\"wp-block-column is-vertically-aligned-top is-layout-flow wp-block-column-is-layout-flow\" style=\"flex-basis:66.66%\">\n<blockquote class=\"wp-block-quote is-layout-flow wp-block-quote-is-layout-flow\">\n<p>Mme AFONSO Adeline<\/p>\n\n\n\n<p><\/p>\n<\/blockquote>\n<\/div>\n<\/div>\n\n\n\n<div class=\"wp-block-columns are-vertically-aligned-top is-layout-flex wp-container-core-columns-is-layout-9d6595d7 wp-block-columns-is-layout-flex\">\n<div class=\"wp-block-column is-vertically-aligned-top is-layout-flow wp-block-column-is-layout-flow\" style=\"flex-basis:20%\">\n<h2 class=\"wp-block-heading alignwide\">\u00c9CO GESTION<\/h2>\n<\/div>\n\n\n\n<div class=\"wp-block-column is-vertically-aligned-top is-layout-flow wp-block-column-is-layout-flow\" style=\"flex-basis:66.66%\">\n<blockquote class=\"wp-block-quote is-layout-flow wp-block-quote-is-layout-flow\">\n<p>Mme LALLEMAND Sylvette<\/p>\n\n\n\n<p><\/p>\n\n\n\n<p><\/p>\n<\/blockquote>\n<\/div>\n<\/div>\n<div class='watch-action'><div class='watch-position align-left'><div class='action-like'><a class='lbg-style3 like-1022 jlk' href='javascript:void(0)' data-task='like' data-post_id='1022' data-nonce='ad77b67104' rel='nofollow'><img class='wti-pixel' src='https:\/\/www.lycee-valin.fr\/RJVALIN\/wp-content\/plugins\/wti-like-post\/images\/pixel.gif' title='j&#039;aime' \/><span class='lc-1022 lc'>0<\/span><\/a><\/div><\/div> <div class='status-1022 status align-left'><\/div><\/div><div class='wti-clear'><\/div>","protected":false},"excerpt":{"rendered":"<p>Allemand Mme LAVAL Catherine M. MULLER Heiko Anglais M. ALDER Alexandre Mme BORDIGNON Emma Mme DE FOVILLE B\u00e9r\u00e9nice Mme FAIN Pauline Mme FRAIRE Maired Mme GARNIER COLAS Katy Mme LACOMBE Catherine M. LAMOUREUX Laurent Mme <a class=\"more-link\" href=\"https:\/\/www.lycee-valin.fr\/RJVALIN\/liste-des-professeurs\/\">Lire plus &#8230;<\/a><\/p>\n","protected":false},"author":1,"featured_media":0,"parent":0,"menu_order":0,"comment_status":"closed","ping_status":"closed","template":"","meta":{"footnotes":""},"class_list":["post-1022","page","type-page","status-publish","hentry"],"_links":{"self":[{"href":"https:\/\/www.lycee-valin.fr\/RJVALIN\/wp-json\/wp\/v2\/pages\/1022","targetHints":{"allow":["GET"]}}],"collection":[{"href":"https:\/\/www.lycee-valin.fr\/RJVALIN\/wp-json\/wp\/v2\/pages"}],"about":[{"href":"https:\/\/www.lycee-valin.fr\/RJVALIN\/wp-json\/wp\/v2\/types\/page"}],"author":[{"embeddable":true,"href":"https:\/\/www.lycee-valin.fr\/RJVALIN\/wp-json\/wp\/v2\/users\/1"}],"replies":[{"embeddable":true,"href":"https:\/\/www.lycee-valin.fr\/RJVALIN\/wp-json\/wp\/v2\/comments?post=1022"}],"version-history":[{"count":20,"href":"https:\/\/www.lycee-valin.fr\/RJVALIN\/wp-json\/wp\/v2\/pages\/1022\/revisions"}],"predecessor-version":[{"id":6750,"href":"https:\/\/www.lycee-valin.fr\/RJVALIN\/wp-json\/wp\/v2\/pages\/1022\/revisions\/6750"}],"wp:attachment":[{"href":"https:\/\/www.lycee-valin.fr\/RJVALIN\/wp-json\/wp\/v2\/media?parent=1022"}],"curies":[{"name":"wp","href":"https:\/\/api.w.org\/{rel}","templated":true}]}}